CRAN Package Check Results for Package RandomFields

Last updated on 2019-03-14 00:46:52 CET.

Flavor Version Tinstall Tcheck Ttotal Status Flags
r-devel-linux-x86_64-debian-clang 3.3.6 104.72 211.21 315.93 OK
r-devel-linux-x86_64-debian-gcc 3.3.6 75.72 162.10 237.82 OK
r-devel-linux-x86_64-fedora-clang 3.3.6 386.09 NOTE
r-devel-linux-x86_64-fedora-gcc 3.3.6 358.87 OK
r-devel-windows-ix86+x86_64 3.3.6 265.00 407.00 672.00 NOTE
r-patched-linux-x86_64 3.3.6 87.02 198.17 285.19 OK
r-patched-solaris-x86 3.3.6 431.20 OK
r-release-linux-x86_64 OK
r-release-windows-ix86+x86_64 3.3.6 264.00 372.00 636.00 NOTE
r-release-osx-x86_64 3.3.6 NOTE
r-oldrel-windows-ix86+x86_64 3.3.6 218.00 403.00 621.00 NOTE
r-oldrel-osx-x86_64 3.3.6 NOTE

Additional issues

clang-UBSAN gcc-UBSAN

Check Details

Version: 3.3.6
Check: installed package size
Result: NOTE
     installed size is 7.9Mb
     sub-directories of 1Mb or more:
     R 1.5Mb
     help 1.2Mb
     libs 5.0Mb
Flavors: r-devel-linux-x86_64-fedora-clang, r-devel-windows-ix86+x86_64, r-release-windows-ix86+x86_64, r-release-osx-x86_64, r-oldrel-windows-ix86+x86_64, r-oldrel-osx-x86_64

Version: 3.3.6
Check: dependencies in R code
Result: NOTE
    Missing or unexported object: 'base::...elt'
Flavors: r-oldrel-windows-ix86+x86_64, r-oldrel-osx-x86_64