CRAN Package Check Results for Package Rcmdr

Last updated on 2019-03-14 00:46:52 CET.

Flavor Version Tinstall Tcheck Ttotal Status Flags
r-devel-linux-x86_64-debian-clang 2.5-2 40.82 193.56 234.38 OK
r-devel-linux-x86_64-debian-gcc 2.5-2 31.65 145.89 177.54 OK
r-devel-linux-x86_64-fedora-clang 2.5-2 299.31 NOTE
r-devel-linux-x86_64-fedora-gcc 2.5-2 268.94 OK
r-devel-windows-ix86+x86_64 2.5-2 76.00 233.00 309.00 NOTE
r-patched-linux-x86_64 2.5-2 24.90 171.16 196.06 OK
r-patched-solaris-x86 2.5-2 319.10 NOTE
r-release-linux-x86_64 OK
r-release-windows-ix86+x86_64 2.5-1 61.00 259.00 320.00 NOTE
r-release-osx-x86_64 2.5-2 NOTE
r-oldrel-windows-ix86+x86_64 2.5-0 11.00 7.00 18.00 ERROR
r-oldrel-osx-x86_64 2.5-2 ERROR

Check Details

Version: 2.5-2
Check: installed package size
Result: NOTE
     installed size is 6.9Mb
     sub-directories of 1Mb or more:
     R 1.1Mb
     doc 3.0Mb
     po 2.2Mb
Flavors: r-devel-linux-x86_64-fedora-clang, r-devel-windows-ix86+x86_64, r-patched-solaris-x86, r-release-osx-x86_64

Version: 2.5-1
Check: installed package size
Result: NOTE
     installed size is 6.7Mb
     sub-directories of 1Mb or more:
     R 1.1Mb
     doc 3.0Mb
     po 2.1Mb
Flavor: r-release-windows-ix86+x86_64

Version: 2.5-0
Check: package dependencies
Result: ERROR
    Package required and available but unsuitable version: 'effects'
    
    See section 'The DESCRIPTION file' in the 'Writing R Extensions'
    manual.
Flavor: r-oldrel-windows-ix86+x86_64

Version: 2.5-2
Check: package dependencies
Result: ERROR
    Packages required and available but unsuitable versions:
     ‘RcmdrMisc’ ‘effects’
    
    See section ‘The DESCRIPTION file’ in the ‘Writing R Extensions’
    manual.
Flavor: r-oldrel-osx-x86_64