Last updated on 2019-03-14 00:46:52 CET.
Flavor | Version | Tinstall | Tcheck | Ttotal | Status | Flags |
---|---|---|---|---|---|---|
r-devel-linux-x86_64-debian-clang | 0.1.3 | 67.73 | 21.42 | 89.15 | OK | |
r-devel-linux-x86_64-debian-gcc | 0.1.3 | 58.70 | 17.48 | 76.18 | OK | |
r-devel-linux-x86_64-fedora-clang | 0.1.3 | 136.99 | NOTE | |||
r-devel-linux-x86_64-fedora-gcc | 0.1.3 | 133.80 | OK | |||
r-devel-windows-ix86+x86_64 | 0.1.3 | 215.00 | 87.00 | 302.00 | OK | |
r-patched-linux-x86_64 | 0.1.3 | 69.95 | 20.28 | 90.23 | OK | |
r-patched-solaris-x86 | 0.1.3 | 136.50 | OK | |||
r-release-linux-x86_64 | OK | |||||
r-release-windows-ix86+x86_64 | 0.1.3 | 236.00 | 85.00 | 321.00 | OK | |
r-release-osx-x86_64 | 0.1.3 | OK | ||||
r-oldrel-windows-ix86+x86_64 | 0.1.3 | 214.00 | 57.00 | 271.00 | OK | |
r-oldrel-osx-x86_64 | 0.1.3 | OK |
Version: 0.1.3
Check: installed package size
Result: NOTE
installed size is 6.8Mb
sub-directories of 1Mb or more:
libs 6.0Mb
Flavor: r-devel-linux-x86_64-fedora-clang