CRAN Package Check Results for Package RealVAMS

Last updated on 2019-03-14 00:46:53 CET.

Flavor Version Tinstall Tcheck Ttotal Status Flags
r-devel-linux-x86_64-debian-clang 0.4-1 23.69 69.35 93.04 OK
r-devel-linux-x86_64-debian-gcc 0.4-1 19.37 54.69 74.06 OK
r-devel-linux-x86_64-fedora-clang 0.4-1 113.64 OK
r-devel-linux-x86_64-fedora-gcc 0.4-1 108.95 OK
r-devel-windows-ix86+x86_64 0.4-1 59.00 139.00 198.00 OK
r-patched-linux-x86_64 0.4-1 21.79 66.12 87.91 OK
r-patched-solaris-x86 0.4-1 152.40 OK
r-release-linux-x86_64 OK
r-release-windows-ix86+x86_64 0.4-1 56.00 141.00 197.00 OK
r-release-osx-x86_64 0.4-1 OK
r-oldrel-windows-ix86+x86_64 0.4-1 64.00 133.00 197.00 ERROR
r-oldrel-osx-x86_64 0.4-1 OK

Check Details

Version: 0.4-1
Check: running examples for arch ‘i386’
Result: ERROR
    Running examples in 'RealVAMS-Ex.R' failed
    The error most likely occurred in:
    
    > ### Name: RealVAMS-package
    > ### Title: Multivariate VAM Fitting
    > ### Aliases: RealVAMS-package
    > ### Keywords: package
    >
    > ### ** Examples
    >
    > data(example.score.data)
    > data(example.outcome.data)
    > #The next line exists to show that the function can run and that the package
    > #installed correctly. This is a CRAN requirement to ensure that the package
    > #works in future version of R
    > RealVAMS(example.score.data,example.outcome.data,max.PQL.it=1,max.iter.EM=2,
    + var.parm.hessian=FALSE)
    Beginning EM algorithm
    Iteration Time: 2.44 seconds
    
    
     End EM Algorithm.
    
    
    iter: 2
    log-likelihood: -5968.5684066
    change in loglik: 789.9311722
    fixed effects: 49.9994 0.4135 99.8157 0.1226
    R_i:
     [,1] [,2] [,3] [,4]
    [1,] 5.1456 1.1888 1.0252 0.0766
    [2,] 1.1888 5.6632 1.2798 0.0941
    [3,] 1.0252 1.2798 5.6170 -0.0420
    [4,] 0.0766 0.0941 -0.0420 1.0000
    
     [,1] [,2] [,3] [,4]
    [1,] 1.0000 0.2202 0.1907 0.0338
    [2,] 0.2202 1.0000 0.2269 0.0395
    [3,] 0.1907 0.2269 1.0000 -0.0177
    [4,] 0.0338 0.0395 -0.0177 1.0000
    
    
    gamma_teach_year 1
    2 x 2 sparse Matrix of class "dgCMatrix"
    Error in isFALSE(suppRows) : could not find function "isFALSE"
    Calls: RealVAMS -> vp_cp -> print -> print -> .local
    Execution halted
Flavor: r-oldrel-windows-ix86+x86_64

Version: 0.4-1
Check: running examples for arch ‘x64’
Result: ERROR
    Running examples in 'RealVAMS-Ex.R' failed
    The error most likely occurred in:
    
    > ### Name: RealVAMS-package
    > ### Title: Multivariate VAM Fitting
    > ### Aliases: RealVAMS-package
    > ### Keywords: package
    >
    > ### ** Examples
    >
    > data(example.score.data)
    > data(example.outcome.data)
    > #The next line exists to show that the function can run and that the package
    > #installed correctly. This is a CRAN requirement to ensure that the package
    > #works in future version of R
    > RealVAMS(example.score.data,example.outcome.data,max.PQL.it=1,max.iter.EM=2,
    + var.parm.hessian=FALSE)
    Beginning EM algorithm
    Iteration Time: 3.18 seconds
    
    
     End EM Algorithm.
    
    
    iter: 2
    log-likelihood: -5968.5684066
    change in loglik: 789.9311722
    fixed effects: 49.9994 0.4135 99.8157 0.1226
    R_i:
     [,1] [,2] [,3] [,4]
    [1,] 5.1456 1.1888 1.0252 0.0766
    [2,] 1.1888 5.6632 1.2798 0.0941
    [3,] 1.0252 1.2798 5.6170 -0.0420
    [4,] 0.0766 0.0941 -0.0420 1.0000
    
     [,1] [,2] [,3] [,4]
    [1,] 1.0000 0.2202 0.1907 0.0338
    [2,] 0.2202 1.0000 0.2269 0.0395
    [3,] 0.1907 0.2269 1.0000 -0.0177
    [4,] 0.0338 0.0395 -0.0177 1.0000
    
    
    gamma_teach_year 1
    2 x 2 sparse Matrix of class "dgCMatrix"
    Error in isFALSE(suppRows) : could not find function "isFALSE"
    Calls: RealVAMS -> vp_cp -> print -> print -> .local
    Execution halted
Flavor: r-oldrel-windows-ix86+x86_64