CRAN Package Check Results for Package RecordLinkage

Last updated on 2019-03-14 00:46:53 CET.

Flavor Version Tinstall Tcheck Ttotal Status Flags
r-devel-linux-x86_64-debian-clang 0.4-10.2 17.27 182.75 200.02 OK
r-devel-linux-x86_64-debian-gcc 0.4-10.2 13.91 136.80 150.71 WARN
r-devel-linux-x86_64-fedora-clang 0.4-10.2 235.57 NOTE
r-devel-linux-x86_64-fedora-gcc 0.4-10.2 226.01 WARN
r-devel-windows-ix86+x86_64 0.4-10.2 34.00 329.00 363.00 OK
r-patched-linux-x86_64 0.4-10.2 11.67 164.94 176.61 WARN
r-patched-solaris-x86 0.4-10.2 321.20 OK
r-release-linux-x86_64 WARN
r-release-windows-ix86+x86_64 0.4-10.2 43.00 314.00 357.00 OK
r-release-osx-x86_64 0.4-10.2 OK
r-oldrel-windows-ix86+x86_64 0.4-10.2 37.00 247.00 284.00 OK
r-oldrel-osx-x86_64 0.4-10.2 OK

Check Details

Version: 0.4-10.2
Check: whether package can be installed
Result: WARN
    Found the following significant warnings:
     phonet.c:1207:34: warning: ‘sprintf’ may write a terminating nul past the end of the destination [-Wformat-overflow=]
     phonet.c:1208:34: warning: ‘sprintf’ may write a terminating nul past the end of the destination [-Wformat-overflow=]
Flavors: r-devel-linux-x86_64-debian-gcc, r-devel-linux-x86_64-fedora-gcc, r-patched-linux-x86_64, r-release-linux-x86_64

Version: 0.4-10.2
Check: compiled code
Result: NOTE
    File ‘RecordLinkage/libs/RecordLinkage.so’:
     Found no calls to: ‘R_registerRoutines’, ‘R_useDynamicSymbols’
    
    It is good practice to register native routines and to disable symbol
    search.
    
    See ‘Writing portable packages’ in the ‘Writing R Extensions’ manual.
Flavors: r-devel-linux-x86_64-fedora-clang, r-devel-linux-x86_64-fedora-gcc