Last updated on 2019-03-14 00:46:54 CET.
Flavor | Version | Tinstall | Tcheck | Ttotal | Status | Flags |
---|---|---|---|---|---|---|
r-devel-linux-x86_64-debian-clang | 1.2.0 | 15.21 | 27.12 | 42.33 | OK | |
r-devel-linux-x86_64-debian-gcc | 1.2.0 | 14.39 | 22.44 | 36.83 | OK | |
r-devel-linux-x86_64-fedora-clang | 1.2.0 | 55.32 | NOTE | |||
r-devel-linux-x86_64-fedora-gcc | 1.2.0 | 50.29 | OK | |||
r-devel-windows-ix86+x86_64 | 1.2.0 | 47.00 | 44.00 | 91.00 | NOTE | |
r-patched-linux-x86_64 | 1.2.0 | 11.30 | 25.49 | 36.79 | OK | |
r-patched-solaris-x86 | 1.2.0 | 74.30 | NOTE | |||
r-release-linux-x86_64 | OK | |||||
r-release-windows-ix86+x86_64 | 1.1.0 | 26.00 | 36.00 | 62.00 | NOTE | |
r-release-osx-x86_64 | 1.2.0 | NOTE | ||||
r-oldrel-windows-ix86+x86_64 | 1.2.0 | 37.00 | 49.00 | 86.00 | NOTE | |
r-oldrel-osx-x86_64 | 1.2.0 | NOTE |
Version: 1.2.0
Check: installed package size
Result: NOTE
installed size is 11.3Mb
sub-directories of 1Mb or more:
R 11.2Mb
Flavors: r-devel-linux-x86_64-fedora-clang, r-devel-windows-ix86+x86_64, r-patched-solaris-x86, r-release-osx-x86_64, r-oldrel-windows-ix86+x86_64, r-oldrel-osx-x86_64
Version: 1.1.0
Check: installed package size
Result: NOTE
installed size is 11.3Mb
sub-directories of 1Mb or more:
R 11.2Mb
Flavor: r-release-windows-ix86+x86_64