CRAN Package Check Results for Package RonFHIR

Last updated on 2019-03-14 00:46:55 CET.

Flavor Version Tinstall Tcheck Ttotal Status Flags
r-devel-linux-x86_64-debian-clang 0.3.1 4.62 22.33 26.95 WARN
r-devel-linux-x86_64-debian-gcc 0.3.1 3.60 18.27 21.87 OK
r-devel-linux-x86_64-fedora-clang 0.3.1 32.86 OK
r-devel-linux-x86_64-fedora-gcc 0.3.1 31.07 OK
r-devel-windows-ix86+x86_64 0.3.1 7.00 46.00 53.00 OK
r-patched-linux-x86_64 0.3.1 3.59 21.11 24.70 OK
r-patched-solaris-x86 0.3.1 52.30 OK
r-release-linux-x86_64 OK
r-release-windows-ix86+x86_64 0.3.1 8.00 76.00 84.00 OK
r-release-osx-x86_64 0.3.1 OK
r-oldrel-windows-ix86+x86_64 0.3.1 5.00 29.00 34.00 OK
r-oldrel-osx-x86_64 0.3.1 OK

Check Details

Version: 0.3.1
Check: whether package can be installed
Result: WARN
    Found the following significant warnings:
     Warning: unable to re-encode 'fhirBulkClient.R' line 25
     Warning: unable to re-encode 'fhirClient.R' lines 66, 68
Flavor: r-devel-linux-x86_64-debian-clang