Last updated on 2019-03-14 00:46:55 CET.
Flavor | Version | Tinstall | Tcheck | Ttotal | Status | Flags |
---|---|---|---|---|---|---|
r-devel-linux-x86_64-debian-clang | 0.2.9 | 55.11 | 95.05 | 150.16 | OK | |
r-devel-linux-x86_64-debian-gcc | 0.2.9 | 46.09 | 72.86 | 118.95 | OK | |
r-devel-linux-x86_64-fedora-clang | 0.2.9 | 195.77 | NOTE | |||
r-devel-linux-x86_64-fedora-gcc | 0.2.9 | 181.01 | NOTE | |||
r-devel-windows-ix86+x86_64 | 0.2.9 | 94.00 | 213.00 | 307.00 | OK | |
r-patched-linux-x86_64 | 0.2.9 | 48.23 | 87.14 | 135.37 | OK | |
r-patched-solaris-x86 | 0.2.9 | 228.90 | OK | |||
r-release-linux-x86_64 | OK | |||||
r-release-windows-ix86+x86_64 | 0.2.9 | 127.00 | 199.00 | 326.00 | OK | |
r-release-osx-x86_64 | 0.2.9 | OK | ||||
r-oldrel-windows-ix86+x86_64 | 0.2.9 | 111.00 | 188.00 | 299.00 | OK | |
r-oldrel-osx-x86_64 | 0.2.9 | OK |
Version: 0.2.9
Check: compiled code
Result: NOTE
File ‘Rphylopars/libs/Rphylopars.so’:
Found no calls to: ‘R_registerRoutines’, ‘R_useDynamicSymbols’
It is good practice to register native routines and to disable symbol
search.
See ‘Writing portable packages’ in the ‘Writing R Extensions’ manual.
Flavors: r-devel-linux-x86_64-fedora-clang, r-devel-linux-x86_64-fedora-gcc