Last updated on 2019-03-14 00:46:56 CET.
Flavor | Version | Tinstall | Tcheck | Ttotal | Status | Flags |
---|---|---|---|---|---|---|
r-devel-linux-x86_64-debian-clang | 0.2.3 | 104.09 | 37.45 | 141.54 | NOTE | |
r-devel-linux-x86_64-debian-gcc | 0.2.3 | 82.12 | 27.86 | 109.98 | NOTE | |
r-devel-linux-x86_64-fedora-clang | 0.2.3 | 220.56 | NOTE | |||
r-devel-linux-x86_64-fedora-gcc | 0.2.3 | 208.03 | NOTE | |||
r-devel-windows-ix86+x86_64 | 0.2.3 | 255.00 | 89.00 | 344.00 | NOTE | |
r-patched-linux-x86_64 | 0.2.3 | 97.86 | 36.46 | 134.32 | NOTE | |
r-patched-solaris-x86 | 0.2.3 | 196.00 | NOTE | |||
r-release-linux-x86_64 | NOTE | |||||
r-release-windows-ix86+x86_64 | 0.2.3 | 270.00 | 85.00 | 355.00 | NOTE | |
r-release-osx-x86_64 | 0.2.3 | NOTE | ||||
r-oldrel-windows-ix86+x86_64 | 0.2.3 | 269.00 | 79.00 | 348.00 | NOTE | |
r-oldrel-osx-x86_64 | 0.2.3 | NOTE |
Version: 0.2.3
Check: DESCRIPTION meta-information
Result: NOTE
Malformed Description field: should contain one or more complete sentences.
Flavors: r-devel-linux-x86_64-debian-clang, r-devel-linux-x86_64-debian-gcc, r-devel-linux-x86_64-fedora-clang, r-devel-linux-x86_64-fedora-gcc, r-devel-windows-ix86+x86_64, r-patched-linux-x86_64, r-patched-solaris-x86, r-release-linux-x86_64, r-release-windows-ix86+x86_64, r-release-osx-x86_64, r-oldrel-windows-ix86+x86_64, r-oldrel-osx-x86_64
Version: 0.2.3
Check: R code for possible problems
Result: NOTE
fitSBSA: no visible binding for global variable 'var'
fitSBSA: no visible global function definition for 'var'
fitSBSA: no visible global function definition for 'qnorm'
Undefined global functions or variables:
qnorm var
Consider adding
importFrom("stats", "qnorm", "var")
to your NAMESPACE file.
Flavors: r-devel-linux-x86_64-debian-clang, r-devel-linux-x86_64-debian-gcc, r-devel-linux-x86_64-fedora-clang, r-devel-linux-x86_64-fedora-gcc, r-devel-windows-ix86+x86_64, r-patched-linux-x86_64, r-patched-solaris-x86, r-release-linux-x86_64, r-release-windows-ix86+x86_64, r-release-osx-x86_64, r-oldrel-windows-ix86+x86_64, r-oldrel-osx-x86_64
Version: 0.2.3
Check: compiled code
Result: NOTE
File ‘SBSA/libs/SBSA.so’:
Found no calls to: ‘R_registerRoutines’, ‘R_useDynamicSymbols’
It is good practice to register native routines and to disable symbol
search.
See ‘Writing portable packages’ in the ‘Writing R Extensions’ manual.
Flavors: r-devel-linux-x86_64-fedora-clang, r-devel-linux-x86_64-fedora-gcc