Last updated on 2019-03-14 00:46:57 CET.
Flavor | Version | Tinstall | Tcheck | Ttotal | Status | Flags |
---|---|---|---|---|---|---|
r-devel-linux-x86_64-debian-clang | 0.1.0 | 4.80 | 45.33 | 50.13 | WARN | |
r-devel-linux-x86_64-debian-gcc | 0.1.0 | 4.18 | 33.94 | 38.12 | OK | |
r-devel-linux-x86_64-fedora-clang | 0.1.0 | 60.31 | OK | |||
r-devel-linux-x86_64-fedora-gcc | 0.1.0 | 57.48 | OK | |||
r-devel-windows-ix86+x86_64 | 0.1.0 | 10.00 | 75.00 | 85.00 | OK | |
r-patched-linux-x86_64 | 0.1.0 | 4.00 | 43.97 | 47.97 | OK | |
r-patched-solaris-x86 | 0.1.0 | 78.10 | OK | |||
r-release-linux-x86_64 | OK | |||||
r-release-windows-ix86+x86_64 | 0.1.0 | 8.00 | 85.00 | 93.00 | OK | |
r-release-osx-x86_64 | 0.1.0 | OK | ||||
r-oldrel-windows-ix86+x86_64 | 0.1.0 | 3.00 | 46.00 | 49.00 | OK | |
r-oldrel-osx-x86_64 | 0.1.0 | OK |
Version: 0.1.0
Check: whether package can be installed
Result: WARN
Found the following significant warnings:
Warning: unable to re-encode 'DA_MM.R' line 29
Warning: unable to re-encode 'DA_cat.R' line 28
Warning: unable to re-encode 'DA_combi.R' line 33
Warning: unable to re-encode 'DA_multi.R' line 30
Warning: unable to re-encode 'GP_MM.R' lines 26, 27, 28, 29, 30, 33
Warning: unable to re-encode 'GP_cat.R' lines 29, 31, 32, 34, 37
Warning: unable to re-encode 'GP_combi.R' lines 32, 33, 34, 36, 37, 40
Warning: unable to re-encode 'GP_multi.R' lines 28, 29, 30, 31, 33, 35
Warning: unable to re-encode 'SSA_MM.R' line 29
Warning: unable to re-encode 'SSA_combi.R' line 43
Warning: unable to re-encode 'SSA_multi.R' line 37
Flavor: r-devel-linux-x86_64-debian-clang