Last updated on 2019-03-14 00:46:58 CET.
Flavor | Version | Tinstall | Tcheck | Ttotal | Status | Flags |
---|---|---|---|---|---|---|
r-devel-linux-x86_64-debian-clang | 1.1.13 | 18.50 | 173.36 | 191.86 | OK | |
r-devel-linux-x86_64-debian-gcc | 1.1.13 | 18.79 | 143.76 | 162.55 | WARN | |
r-devel-linux-x86_64-fedora-clang | 1.1.13 | 226.39 | OK | |||
r-devel-linux-x86_64-fedora-gcc | 1.1.13 | 218.61 | WARN | |||
r-devel-windows-ix86+x86_64 | 1.1.13 | 50.00 | 376.00 | 426.00 | OK | |
r-patched-linux-x86_64 | 1.1.13 | 16.17 | 169.25 | 185.42 | WARN | |
r-patched-solaris-x86 | 1.1.13 | 330.80 | NOTE | |||
r-release-linux-x86_64 | WARN | |||||
r-release-windows-ix86+x86_64 | 1.1.13 | 41.00 | 333.00 | 374.00 | OK | |
r-release-osx-x86_64 | 1.1.13 | OK | ||||
r-oldrel-windows-ix86+x86_64 | 1.1.13 | 31.00 | 260.00 | 291.00 | OK | |
r-oldrel-osx-x86_64 | 1.1.13 | OK |
Version: 1.1.13
Check: whether package can be installed
Result: WARN
Found the following significant warnings:
dbfopenSSN.c:1119:6: warning: ‘strncpy’ output may be truncated copying between 0 and 399 bytes from a string of length 399 [-Wstringop-truncation]
dbfopenSSN.c:1100:6: warning: ‘strncpy’ output may be truncated copying between 0 and 399 bytes from a string of length 399 [-Wstringop-truncation]
dbfopenSSN.c:663:2: warning: ‘strncpy’ output truncated before terminating nul copying as many bytes from a string as its length [-Wstringop-truncation]
dbfopenSSN.c:1511:2: warning: ‘strncpy’ output may be truncated copying 11 bytes from a string of length 11 [-Wstringop-truncation]
Flavors: r-devel-linux-x86_64-debian-gcc, r-devel-linux-x86_64-fedora-gcc, r-patched-linux-x86_64, r-release-linux-x86_64
Version: 1.1.13
Check: installed package size
Result: NOTE
installed size is 5.4Mb
sub-directories of 1Mb or more:
lsndata 2.9Mb
Flavor: r-patched-solaris-x86