CRAN Package Check Results for Package Sofi

Last updated on 2019-03-14 00:46:57 CET.

Flavor Version Tinstall Tcheck Ttotal Status Flags
r-devel-linux-x86_64-debian-clang 0.16.4.8 3.36 28.69 32.05 WARN
r-devel-linux-x86_64-debian-gcc 0.16.4.8 2.54 23.44 25.98 OK
r-devel-linux-x86_64-fedora-clang 0.16.4.8 38.32 OK
r-devel-linux-x86_64-fedora-gcc 0.16.4.8 36.17 OK
r-devel-windows-ix86+x86_64 0.16.4.8 9.00 67.00 76.00 OK
r-patched-linux-x86_64 0.16.4.8 2.11 26.68 28.79 OK
r-patched-solaris-x86 0.16.4.8 62.70 OK
r-release-linux-x86_64 OK
r-release-windows-ix86+x86_64 0.16.4.8 9.00 70.00 79.00 OK
r-release-osx-x86_64 0.16.4.8 OK
r-oldrel-windows-ix86+x86_64 0.16.4.8 9.00 43.00 52.00 OK
r-oldrel-osx-x86_64 0.16.4.8 OK

Check Details

Version: 0.16.4.8
Check: for unstated dependencies in examples
Result: WARN
    Warning in parse(file = files, n = -1L) :
     invalid input found on input connection 'Sofi-Ex.R'
Flavor: r-devel-linux-x86_64-debian-clang