CRAN Package Check Results for Package SparseGrid

Last updated on 2019-03-14 00:46:58 CET.

Flavor Version Tinstall Tcheck Ttotal Status Flags
r-devel-linux-x86_64-debian-clang 0.8.2 2.29 46.45 48.74 NOTE
r-devel-linux-x86_64-debian-gcc 0.8.2 1.78 32.69 34.47 NOTE
r-devel-linux-x86_64-fedora-clang 0.8.2 57.85 NOTE
r-devel-linux-x86_64-fedora-gcc 0.8.2 53.78 NOTE
r-devel-windows-ix86+x86_64 0.8.2 7.00 76.00 83.00 NOTE
r-patched-linux-x86_64 0.8.2 1.67 43.08 44.75 NOTE
r-patched-solaris-x86 0.8.2 80.00 NOTE
r-release-linux-x86_64 NOTE
r-release-windows-ix86+x86_64 0.8.2 5.00 92.00 97.00 NOTE
r-release-osx-x86_64 0.8.2 NOTE
r-oldrel-windows-ix86+x86_64 0.8.2 6.00 53.00 59.00 NOTE
r-oldrel-osx-x86_64 0.8.2 NOTE

Check Details

Version: 0.8.2
Check: DESCRIPTION meta-information
Result: NOTE
    Malformed Description field: should contain one or more complete sentences.
Flavors: r-devel-linux-x86_64-debian-clang, r-devel-linux-x86_64-debian-gcc, r-devel-linux-x86_64-fedora-clang, r-devel-linux-x86_64-fedora-gcc, r-devel-windows-ix86+x86_64, r-patched-linux-x86_64, r-patched-solaris-x86, r-release-linux-x86_64, r-release-windows-ix86+x86_64, r-release-osx-x86_64, r-oldrel-windows-ix86+x86_64, r-oldrel-osx-x86_64