CRAN Package Check Results for Package SurvCorr

Last updated on 2019-03-14 00:46:59 CET.

Flavor Version Tinstall Tcheck Ttotal Status Flags
r-devel-linux-x86_64-debian-clang 1.0 7.84 73.07 80.91 NOTE
r-devel-linux-x86_64-debian-gcc 1.0 6.22 56.04 62.26 NOTE
r-devel-linux-x86_64-fedora-clang 1.0 95.33 NOTE
r-devel-linux-x86_64-fedora-gcc 1.0 90.43 NOTE
r-devel-windows-ix86+x86_64 1.0 15.00 98.00 113.00 NOTE
r-patched-linux-x86_64 1.0 5.32 68.27 73.59 NOTE
r-patched-solaris-x86 1.0 135.10 NOTE
r-release-linux-x86_64 NOTE
r-release-windows-ix86+x86_64 1.0 12.00 111.00 123.00 NOTE
r-release-osx-x86_64 1.0 NOTE
r-oldrel-windows-ix86+x86_64 1.0 13.00 69.00 82.00 NOTE
r-oldrel-osx-x86_64 1.0 NOTE

Check Details

Version: 1.0
Check: R code for possible problems
Result: NOTE
    pearson: no visible global function definition for 'cor'
    plot.survcorr: no visible global function definition for 'pnorm'
    plot.survcorr: no visible global function definition for 'par'
    plot.survcorr: no visible global function definition for 'plot'
    plot.survcorr: no visible global function definition for 'points'
    survcorr: no visible global function definition for 'model.frame'
    survcorr: no visible global function definition for 'qnorm'
    survcorr: no visible global function definition for 'runif'
    survcorr: no visible global function definition for 'pnorm'
    survcorr: no visible global function definition for 'var'
    survcorr: no visible global function definition for 'qt'
    Undefined global functions or variables:
     cor model.frame par plot pnorm points qnorm qt runif var
    Consider adding
     importFrom("graphics", "par", "plot", "points")
     importFrom("stats", "cor", "model.frame", "pnorm", "qnorm", "qt",
     "runif", "var")
    to your NAMESPACE file.
Flavors: r-devel-linux-x86_64-debian-clang, r-devel-linux-x86_64-debian-gcc, r-devel-linux-x86_64-fedora-clang, r-devel-linux-x86_64-fedora-gcc, r-devel-windows-ix86+x86_64, r-patched-linux-x86_64, r-patched-solaris-x86, r-release-linux-x86_64, r-release-windows-ix86+x86_64, r-release-osx-x86_64, r-oldrel-windows-ix86+x86_64, r-oldrel-osx-x86_64