Last updated on 2019-03-14 00:47:01 CET.
Flavor | Version | Tinstall | Tcheck | Ttotal | Status | Flags |
---|---|---|---|---|---|---|
r-devel-linux-x86_64-debian-clang | 1.0 | 28.15 | 26.66 | 54.81 | OK | |
r-devel-linux-x86_64-debian-gcc | 1.0 | 24.23 | 21.97 | 46.20 | OK | |
r-devel-linux-x86_64-fedora-clang | 1.0 | 76.94 | NOTE | |||
r-devel-linux-x86_64-fedora-gcc | 1.0 | 71.52 | OK | |||
r-devel-windows-ix86+x86_64 | 1.0 | 55.00 | 173.00 | 228.00 | OK | |
r-patched-linux-x86_64 | 1.0 | 26.86 | 25.18 | 52.04 | OK | |
r-patched-solaris-x86 | 1.0 | 72.20 | OK | |||
r-release-linux-x86_64 | OK | |||||
r-release-windows-ix86+x86_64 | 1.0 | 69.00 | 86.00 | 155.00 | OK | |
r-release-osx-x86_64 | 1.0 | NOTE | ||||
r-oldrel-windows-ix86+x86_64 | 1.0 | 71.00 | 71.00 | 142.00 | OK | |
r-oldrel-osx-x86_64 | 1.0 | NOTE |
Version: 1.0
Check: installed package size
Result: NOTE
installed size is 9.7Mb
sub-directories of 1Mb or more:
data 1.2Mb
libs 8.3Mb
Flavors: r-devel-linux-x86_64-fedora-clang, r-release-osx-x86_64, r-oldrel-osx-x86_64