CRAN Package Check Results for Package TSfame

Last updated on 2019-03-14 00:47:02 CET.

Flavor Version Tinstall Tcheck Ttotal Status Flags
r-devel-linux-x86_64-debian-clang 2015.4-1 5.33 47.27 52.60 NOTE
r-devel-linux-x86_64-debian-gcc 2015.4-1 5.63 37.59 43.22 NOTE
r-devel-linux-x86_64-fedora-clang 2015.4-1 65.68 NOTE
r-devel-linux-x86_64-fedora-gcc 2015.4-1 62.40 NOTE
r-devel-windows-ix86+x86_64 2015.4-1 15.00 83.00 98.00 NOTE
r-patched-linux-x86_64 2015.4-1 3.55 44.90 48.45 NOTE
r-patched-solaris-x86 2015.4-1 87.50 NOTE
r-release-linux-x86_64 NOTE
r-release-windows-ix86+x86_64 2015.4-1 11.00 96.00 107.00 NOTE
r-release-osx-x86_64 2015.4-1 NOTE
r-oldrel-windows-ix86+x86_64 2015.4-1 11.00 73.00 84.00 NOTE
r-oldrel-osx-x86_64 2015.4-1 NOTE

Check Details

Version: 2015.4-1
Check: R code for possible problems
Result: NOTE
    vintageMap: no visible global function definition for 'read.table'
    TSget,character-TSfameLocalConnection: no visible global function
     definition for 'as.ts'
    TSget,character-TSfameLocalConnection: no visible global function
     definition for 'zoo'
    TSget,character-TSfameLocalConnection: no visible global function
     definition for 'frequency'
    TSget,character-TSfameServerConnection: no visible global function
     definition for 'as.ts'
    TSget,character-TSfameServerConnection: no visible global function
     definition for 'zoo'
    TSget,character-TSfameServerConnection: no visible global function
     definition for 'frequency'
    Undefined global functions or variables:
     as.ts frequency read.table zoo
    Consider adding
     importFrom("stats", "as.ts", "frequency")
     importFrom("utils", "read.table")
    to your NAMESPACE file.
Flavors: r-devel-linux-x86_64-debian-clang, r-devel-linux-x86_64-debian-gcc, r-devel-linux-x86_64-fedora-clang, r-devel-linux-x86_64-fedora-gcc, r-devel-windows-ix86+x86_64, r-patched-linux-x86_64, r-patched-solaris-x86, r-release-linux-x86_64, r-release-windows-ix86+x86_64, r-release-osx-x86_64, r-oldrel-windows-ix86+x86_64, r-oldrel-osx-x86_64