Last updated on 2019-03-14 00:46:23 CET.
Flavor | Version | Tinstall | Tcheck | Ttotal | Status | Flags |
---|---|---|---|---|---|---|
r-devel-linux-x86_64-debian-clang | 2.2-1 | 6.05 | 23.13 | 29.18 | OK | |
r-devel-linux-x86_64-debian-gcc | 2.2-2 | 6.16 | 18.72 | 24.88 | OK | |
r-devel-linux-x86_64-fedora-clang | 2.2-2 | 4.73 | ERROR | |||
r-devel-linux-x86_64-fedora-gcc | 2.2-2 | 38.55 | OK | |||
r-devel-windows-ix86+x86_64 | 2.2-2 | 21.00 | 71.00 | 92.00 | OK | |
r-patched-linux-x86_64 | 2.2-2 | 6.23 | 21.99 | 28.22 | OK | |
r-patched-solaris-x86 | 2.2-2 | 53.20 | OK | |||
r-release-linux-x86_64 | OK | |||||
r-release-windows-ix86+x86_64 | 2.2-1 | 14.00 | 50.00 | 64.00 | OK | |
r-release-osx-x86_64 | 2.2-1 | OK | ||||
r-oldrel-windows-ix86+x86_64 | 2.2-2 | 19.00 | 67.00 | 86.00 | OK | |
r-oldrel-osx-x86_64 | 2.2-2 | ERROR |
Version: 2.2-2
Check: whether package can be installed
Result: ERROR
Installation failed.
Flavors: r-devel-linux-x86_64-fedora-clang, r-oldrel-osx-x86_64