CRAN Package Check Results for Package afmToolkit

Last updated on 2019-03-14 00:46:24 CET.

Flavor Version Tinstall Tcheck Ttotal Status Flags
r-devel-linux-x86_64-debian-clang 0.0.1 6.80 55.44 62.24 OK
r-devel-linux-x86_64-debian-gcc 0.0.1 4.55 47.34 51.89 OK
r-devel-linux-x86_64-fedora-clang 0.0.1 81.08 NOTE
r-devel-linux-x86_64-fedora-gcc 0.0.1 73.80 NOTE
r-devel-windows-ix86+x86_64 0.0.1 10.00 74.00 84.00 OK
r-patched-linux-x86_64 0.0.1 4.42 56.87 61.29 OK
r-patched-solaris-x86 0.0.1 112.60 NOTE
r-release-linux-x86_64 OK
r-release-windows-ix86+x86_64 0.0.1 16.00 117.00 133.00 OK
r-release-osx-x86_64 0.0.1 NOTE
r-oldrel-windows-ix86+x86_64 0.0.1 12.00 72.00 84.00 OK
r-oldrel-osx-x86_64 0.0.1 NOTE

Check Details

Version: 0.0.1
Check: dependencies in R code
Result: NOTE
    Namespaces in Imports field not imported from:
     ‘DBI’ ‘assertthat’ ‘tibble’
     All declared Imports should be used.
Flavors: r-devel-linux-x86_64-fedora-clang, r-devel-linux-x86_64-fedora-gcc, r-patched-solaris-x86, r-release-osx-x86_64, r-oldrel-osx-x86_64