CRAN Package Check Results for Package agriTutorial

Last updated on 2019-03-14 00:46:24 CET.

Flavor Version Tinstall Tcheck Ttotal Status Flags
r-devel-linux-x86_64-debian-clang 0.1.4 8.66 83.42 92.08 WARN
r-devel-linux-x86_64-debian-gcc 0.1.4 7.03 64.95 71.98 OK
r-devel-linux-x86_64-fedora-clang 0.1.4 110.67 OK
r-devel-linux-x86_64-fedora-gcc 0.1.4 103.08 OK
r-devel-windows-ix86+x86_64 0.1.4 21.00 91.00 112.00 OK
r-patched-linux-x86_64 0.1.4 5.61 77.95 83.56 OK
r-patched-solaris-x86 0.1.4 158.00 OK
r-release-linux-x86_64 OK
r-release-windows-ix86+x86_64 0.1.4 16.00 153.00 169.00 OK
r-release-osx-x86_64 0.1.4 OK
r-oldrel-windows-ix86+x86_64 0.1.4 21.00 90.00 111.00 OK
r-oldrel-osx-x86_64 0.1.4 OK

Check Details

Version: 0.1.4
Check: whether package can be installed
Result: WARN
    Found the following significant warnings:
     Warning: unable to re-encode 'example1.R' line 99
Flavor: r-devel-linux-x86_64-debian-clang