CRAN Package Check Results for Package anyLib

Last updated on 2019-03-14 00:46:24 CET.

Flavor Version Tinstall Tcheck Ttotal Status Flags
r-devel-linux-x86_64-debian-clang 1.0.5 1.49 134.01 135.50 OK
r-devel-linux-x86_64-debian-gcc 1.0.5 1.41 103.14 104.55 OK
r-devel-linux-x86_64-fedora-clang 1.0.5 204.69 NOTE
r-devel-linux-x86_64-fedora-gcc 1.0.5 195.09 NOTE
r-devel-windows-ix86+x86_64 1.0.5 5.00 172.00 177.00 OK
r-patched-linux-x86_64 1.0.5 0.93 113.81 114.74 OK
r-patched-solaris-x86 1.0.5 166.40 WARN
r-release-linux-x86_64 OK
r-release-windows-ix86+x86_64 1.0.5 5.00 82.00 87.00 OK
r-release-osx-x86_64 1.0.5 WARN
r-oldrel-windows-ix86+x86_64 1.0.5 1.00 6.00 7.00 ERROR
r-oldrel-osx-x86_64 1.0.5 ERROR

Check Details

Version: 1.0.5
Check: dependencies in R code
Result: NOTE
    Namespaces in Imports field not imported from:
     ‘curl’ ‘httr’
     All declared Imports should be used.
Flavors: r-devel-linux-x86_64-fedora-clang, r-devel-linux-x86_64-fedora-gcc, r-patched-solaris-x86, r-release-osx-x86_64

Version: 1.0.5
Check: re-building of vignette outputs
Result: WARN
    Error in re-building vignettes:
     ...
    Warning in engine$weave(file, quiet = quiet, encoding = enc) :
     Pandoc (>= 1.12.3) and/or pandoc-citeproc not available. Falling back to R Markdown v1.
    trying URL 'https://cloud.r-project.org/src/contrib/assertthat_0.2.0.tar.gz'
    Content type 'application/x-gzip' length 11612 bytes (11 KB)
    ==================================================
    downloaded 11 KB
    
    trying URL 'https://cloud.r-project.org/src/contrib/cli_1.0.1.tar.gz'
    Content type 'application/x-gzip' length 2186755 bytes (2.1 MB)
    ==================================================
    downloaded 2.1 MB
    
    trying URL 'https://cloud.r-project.org/src/contrib/crayon_1.3.4.tar.gz'
    Content type 'application/x-gzip' length 658694 bytes (643 KB)
    ==================================================
    downloaded 643 KB
    
    trying URL 'https://cloud.r-project.org/src/contrib/digest_0.6.18.tar.gz'
    Content type 'application/x-gzip' length 128553 bytes (125 KB)
    ==================================================
    downloaded 125 KB
    
    trying URL 'https://cloud.r-project.org/src/contrib/magrittr_1.5.tar.gz'
    Content type 'application/x-gzip' length 200504 bytes (195 KB)
    ==================================================
    downloaded 195 KB
    
    trying URL 'https://cloud.r-project.org/src/contrib/praise_1.0.0.tar.gz'
    Content type 'application/x-gzip' length 6100 bytes
    ==================================================
    downloaded 6100 bytes
    
    trying URL 'https://cloud.r-project.org/src/contrib/R6_2.4.0.tar.gz'
    Content type 'application/x-gzip' length 31545 bytes (30 KB)
    ==================================================
    downloaded 30 KB
    
    trying URL 'https://cloud.r-project.org/src/contrib/rlang_0.3.1.tar.gz'
    Content type 'application/x-gzip' length 857682 bytes (837 KB)
    ==================================================
    downloaded 837 KB
    
    trying URL 'https://cloud.r-project.org/src/contrib/withr_2.1.2.tar.gz'
    Content type 'application/x-gzip' length 53578 bytes (52 KB)
    ==================================================
    downloaded 52 KB
    
    trying URL 'https://cloud.r-project.org/src/contrib/pls_2.7-0.tar.gz'
    Content type 'application/x-gzip' length 4389503 bytes (4.2 MB)
    ==================================================
    downloaded 4.2 MB
    
    trying URL 'https://cloud.r-project.org/src/contrib/testthat_2.0.1.tar.gz'
    Content type 'application/x-gzip' length 217071 bytes (211 KB)
    ==================================================
    downloaded 211 KB
    
    trying URL 'https://cloud.r-project.org/src/contrib/apercu_0.2.3.tar.gz'
    Content type 'application/x-gzip' length 7010 bytes
    ==================================================
    downloaded 7010 bytes
    
    * installing *source* package ‘assertthat’ ...
    ** package ‘assertthat’ successfully unpacked and MD5 sums checked
    ** R
    ** byte-compile and prepare package for lazy loading
    ** help
    *** installing help indices
    ** building package indices
    ** testing if installed package can be loaded
    * DONE (assertthat)
    * installing *source* package ‘crayon’ ...
    ** package ‘crayon’ successfully unpacked and MD5 sums checked
    ** R
    ** inst
    ** byte-compile and prepare package for lazy loading
    ** help
    *** installing help indices
    ** building package indices
    ** testing if installed package can be loaded
    * DONE (crayon)
    * installing *source* package ‘digest’ ...
    ** package ‘digest’ successfully unpacked and MD5 sums checked
    ** libs
    /home/ripley/developerstudio12.6/bin/cc -xc99 -I"/home/ripley/R/cc/include" -DNDEBUG -I/usr/local/include -KPIC -O -xlibmieee -xlibmil -xtarget=native -xcache=generic -nofstore -c aes.c -o aes.o
    /home/ripley/developerstudio12.6/bin/cc -xc99 -I"/home/ripley/R/cc/include" -DNDEBUG -I/usr/local/include -KPIC -O -xlibmieee -xlibmil -xtarget=native -xcache=generic -nofstore -c crc32.c -o crc32.o
    /home/ripley/developerstudio12.6/bin/cc -xc99 -I"/home/ripley/R/cc/include" -DNDEBUG -I/usr/local/include -KPIC -O -xlibmieee -xlibmil -xtarget=native -xcache=generic -nofstore -c digest.c -o digest.o
    /home/ripley/developerstudio12.6/bin/cc -xc99 -I"/home/ripley/R/cc/include" -DNDEBUG -I/usr/local/include -KPIC -O -xlibmieee -xlibmil -xtarget=native -xcache=generic -nofstore -c init.c -o init.o
    /home/ripley/developerstudio12.6/bin/cc -xc99 -I"/home/ripley/R/cc/include" -DNDEBUG -I/usr/local/include -KPIC -O -xlibmieee -xlibmil -xtarget=native -xcache=generic -nofstore -c md5.c -o md5.o
    /home/ripley/developerstudio12.6/bin/cc -xc99 -I"/home/ripley/R/cc/include" -DNDEBUG -I/usr/local/include -KPIC -O -xlibmieee -xlibmil -xtarget=native -xcache=generic -nofstore -c pmurhash.c -o pmurhash.o
    /home/ripley/developerstudio12.6/bin/cc -xc99 -I"/home/ripley/R/cc/include" -DNDEBUG -I/usr/local/include -KPIC -O -xlibmieee -xlibmil -xtarget=native -xcache=generic -nofstore -c raes.c -o raes.o
    /home/ripley/developerstudio12.6/bin/cc -xc99 -I"/home/ripley/R/cc/include" -DNDEBUG -I/usr/local/include -KPIC -O -xlibmieee -xlibmil -xtarget=native -xcache=generic -nofstore -c sha1.c -o sha1.o
    /home/ripley/developerstudio12.6/bin/cc -xc99 -I"/home/ripley/R/cc/include" -DNDEBUG -I/usr/local/include -KPIC -O -xlibmieee -xlibmil -xtarget=native -xcache=generic -nofstore -c sha2.c -o sha2.o
    /home/ripley/developerstudio12.6/bin/cc -xc99 -I"/home/ripley/R/cc/include" -DNDEBUG -I/usr/local/include -KPIC -O -xlibmieee -xlibmil -xtarget=native -xcache=generic -nofstore -c sha256.c -o sha256.o
    /home/ripley/developerstudio12.6/bin/cc -xc99 -I"/home/ripley/R/cc/include" -DNDEBUG -I/usr/local/include -KPIC -O -xlibmieee -xlibmil -xtarget=native -xcache=generic -nofstore -c xxhash.c -o xxhash.o
    /home/ripley/developerstudio12.6/bin/cc -xc99 -G -L/usr/local/lib -o digest.so aes.o crc32.o digest.o init.o md5.o pmurhash.o raes.o sha1.o sha2.o sha256.o xxhash.o
    installing to /tmp/Rtmpjhaau1/folder1/digest/libs
    ** R
    ** inst
    ** byte-compile and prepare package for lazy loading
    ** help
    *** installing help indices
    ** building package indices
    ** installing vignettes
    ** testing if installed package can be loaded
    * DONE (digest)
    * installing *source* package ‘magrittr’ ...
    ** package ‘magrittr’ successfully unpacked and MD5 sums checked
    ** R
    ** inst
    ** byte-compile and prepare package for lazy loading
    ** help
    *** installing help indices
    ** building package indices
    ** installing vignettes
    ** testing if installed package can be loaded
    * DONE (magrittr)
    * installing *source* package ‘praise’ ...
    ** package ‘praise’ successfully unpacked and MD5 sums checked
    ** R
    ** inst
    ** byte-compile and prepare package for lazy loading
    ** help
    *** installing help indices
    ** building package indices
    ** testing if installed package can be loaded
    * DONE (praise)
    * installing *source* package ‘R6’ ...
    ** package ‘R6’ successfully unpacked and MD5 sums checked
    ** R
    ** byte-compile and prepare package for lazy loading
    ** help
    *** installing help indices
    ** building package indices
    ** testing if installed package can be loaded
    * DONE (R6)
    * installing *source* package ‘rlang’ ...
    ** package ‘rlang’ successfully unpacked and MD5 sums checked
    ** libs
    /home/ripley/developerstudio12.6/bin/cc -xc99 -I"/home/ripley/R/cc/include" -DNDEBUG -I./lib/ -I/usr/local/include -KPIC -O -xlibmieee -xlibmil -xtarget=native -xcache=generic -nofstore -c lib.c -o lib.o
    "lib/node.c", line 72: warning: statement not reached
    "lib/squash.c", line 222: warning: statement not reached
    "lib/squash.c", line 273: warning: statement not reached
    /home/ripley/developerstudio12.6/bin/cc -xc99 -I"/home/ripley/R/cc/include" -DNDEBUG -I./lib/ -I/usr/local/include -KPIC -O -xlibmieee -xlibmil -xtarget=native -xcache=generic -nofstore -c internal.c -o internal.o
    "internal/expr-interp.c", line 64: warning: statement not reached
    "internal/expr-interp.c", line 71: warning: statement not reached
    /home/ripley/developerstudio12.6/bin/cc -xc99 -I"/home/ripley/R/cc/include" -DNDEBUG -I./lib/ -I/usr/local/include -KPIC -O -xlibmieee -xlibmil -xtarget=native -xcache=generic -nofstore -c export.c -o export.o
    /home/ripley/developerstudio12.6/bin/cc -xc99 -I"/home/ripley/R/cc/include" -DNDEBUG -I./lib/ -I/usr/local/include -KPIC -O -xlibmieee -xlibmil -xtarget=native -xcache=generic -nofstore -c capture.c -o capture.o
    /home/ripley/developerstudio12.6/bin/cc -xc99 -G -L/usr/local/lib -o rlang.so capture.o export.o internal.o lib.o
    installing to /tmp/Rtmpjhaau1/folder1/rlang/libs
    ** R
    ** byte-compile and prepare package for lazy loading
    ** help
    *** installing help indices
    *** copying figures
    ** building package indices
    ** testing if installed package can be loaded
    * DONE (rlang)
    * installing *source* package ‘withr’ ...
    ** package ‘withr’ successfully unpacked and MD5 sums checked
    ** R
    ** inst
    ** byte-compile and prepare package for lazy loading
    ** help
    *** installing help indices
    ** building package indices
    ** installing vignettes
    ** testing if installed package can be loaded
    * DONE (withr)
    * installing *source* package ‘pls’ ...
    ** package ‘pls’ successfully unpacked and MD5 sums checked
    ** R
    ** data
    *** moving datasets to lazyload DB
    ** inst
    ** byte-compile and prepare package for lazy loading
    ** help
    *** installing help indices
    ** building package indices
    ** installing vignettes
    ** testing if installed package can be loaded
    * DONE (pls)
    * installing *source* package ‘cli’ ...
    ** package ‘cli’ successfully unpacked and MD5 sums checked
    ** R
    ** inst
    ** byte-compile and prepare package for lazy loading
    ** help
    *** installing help indices
    *** copying figures
    ** building package indices
    ** testing if installed package can be loaded
    * DONE (cli)
    * installing *source* package ‘apercu’ ...
    ** package ‘apercu’ successfully unpacked and MD5 sums checked
    ** R
    ** byte-compile and prepare package for lazy loading
    ** help
    *** installing help indices
    ** building package indices
    ** testing if installed package can be loaded
    * DONE (apercu)
    * installing *source* package ‘testthat’ ...
    ** package ‘testthat’ successfully unpacked and MD5 sums checked
    ** libs
    /home/ripley/developerstudio12.6/bin/cc -xc99 -I"/home/ripley/R/cc/include" -DNDEBUG -I../inst/include -DCOMPILING_TESTTHAT -I/usr/local/include -KPIC -O -xlibmieee -xlibmil -xtarget=native -xcache=generic -nofstore -c init.c -o init.o
    /home/ripley/developerstudio12.6/bin/cc -xc99 -I"/home/ripley/R/cc/include" -DNDEBUG -I../inst/include -DCOMPILING_TESTTHAT -I/usr/local/include -KPIC -O -xlibmieee -xlibmil -xtarget=native -xcache=generic -nofstore -c reassign.c -o reassign.o
    /home/ripley/developerstudio12.6/bin/CC -compat=g -library=stdcpp,CrunG3 -I"/home/ripley/R/cc/include" -DNDEBUG -I../inst/include -DCOMPILING_TESTTHAT -I/usr/local/include -KPIC -O -xlibmil -xtarget=native -xcache=generic -nofstore -c test-catch.cpp -o test-catch.o
    /home/ripley/developerstudio12.6/bin/CC -compat=g -library=stdcpp,CrunG3 -I"/home/ripley/R/cc/include" -DNDEBUG -I../inst/include -DCOMPILING_TESTTHAT -I/usr/local/include -KPIC -O -xlibmil -xtarget=native -xcache=generic -nofstore -c test-example.cpp -o test-example.o
    /home/ripley/developerstudio12.6/bin/CC -compat=g -library=stdcpp,CrunG3 -I"/home/ripley/R/cc/include" -DNDEBUG -I../inst/include -DCOMPILING_TESTTHAT -I/usr/local/include -KPIC -O -xlibmil -xtarget=native -xcache=generic -nofstore -c test-runner.cpp -o test-runner.o
    /home/ripley/developerstudio12.6/bin/CC -compat=g -library=stdcpp,CrunG3 -G -L/usr/local/lib -o testthat.so init.o reassign.o test-catch.o test-example.o test-runner.o
    installing to /tmp/Rtmpjhaau1/folder1/testthat/libs
    ** R
    ** inst
    ** byte-compile and prepare package for lazy loading
    ** help
    *** installing help indices
    *** copying figures
    ** building package indices
    ** installing vignettes
    ** testing if installed package can be loaded
    * DONE (testthat)
    
    The downloaded source packages are in
     '/tmp/Rtmpjhaau1/downloaded_packages'
    * installing *source* package ‘dummyPackage’ ...
    ** R
    ** byte-compile and prepare package for lazy loading
    ** help
    *** installing help indices
    ** building package indices
    ** testing if installed package can be loaded
    * DONE (dummyPackage)
    trying URL 'https://cloud.r-project.org/src/contrib/apercu_0.2.3.tar.gz'
    Content type 'application/x-gzip' length 7010 bytes
    ==================================================
    downloaded 7010 bytes
    
    * installing *source* package ‘apercu’ ...
    ** package ‘apercu’ successfully unpacked and MD5 sums checked
    ** R
    ** byte-compile and prepare package for lazy loading
    ** help
    *** installing help indices
    ** building package indices
    ** testing if installed package can be loaded
    * DONE (apercu)
    
    The downloaded source packages are in
     '/tmp/Rtmpjhaau1/downloaded_packages'
    trying URL 'https://cloud.r-project.org/src/contrib/apercu_0.2.3.tar.gz'
    Content type 'application/x-gzip' length 7010 bytes
    ==================================================
    downloaded 7010 bytes
    
    * installing *source* package ‘apercu’ ...
    ** package ‘apercu’ successfully unpacked and MD5 sums checked
    ** R
    ** byte-compile and prepare package for lazy loading
    ** help
    *** installing help indices
    ** building package indices
    ** testing if installed package can be loaded
    * DONE (apercu)
    
    The downloaded source packages are in
     '/tmp/Rtmpjhaau1/downloaded_packages'
    trying URL 'https://cloud.r-project.org/src/contrib/apercu_0.2.3.tar.gz'
    Content type 'application/x-gzip' length 7010 bytes
    ==================================================
    downloaded 7010 bytes
    
    * installing *source* package ‘apercu’ ...
    ** package ‘apercu’ successfully unpacked and MD5 sums checked
    ** R
    ** byte-compile and prepare package for lazy loading
    ** help
    *** installing help indices
    ** building package indices
    ** testing if installed package can be loaded
    * DONE (apercu)
    
    The downloaded source packages are in
     '/tmp/Rtmpjhaau1/downloaded_packages'
    Error: processing vignette 'help.Rmd' failed with diagnostics:
    there is no package called ‘markdown’
    Execution halted
Flavor: r-patched-solaris-x86

Version: 1.0.5
Check: re-building of vignette outputs
Result: WARN
    Error in re-building vignettes:
     ...
    Error in loadNamespace(name) : there is no package called 'devtools'
    trying URL 'https://cloud.r-project.org/bin/macosx/el-capitan/contrib/3.5/apercu_0.2.3.tgz'
    Content type 'application/x-gzip' length 27068 bytes (26 KB)
    ==================================================
    downloaded 26 KB
    
    Error in loadNamespace(name) : there is no package called 'BiocManager'
    Error in loadNamespace(name) : there is no package called 'devtools'
    trying URL 'https://cloud.r-project.org/bin/macosx/el-capitan/contrib/3.5/apercu_0.2.3.tgz'
    Content type 'application/x-gzip' length 27068 bytes (26 KB)
    ==================================================
    downloaded 26 KB
    
    Error in loadNamespace(name) : there is no package called 'BiocManager'
    Error in loadNamespace(name) : there is no package called 'devtools'
    trying URL 'https://cloud.r-project.org/bin/macosx/el-capitan/contrib/3.5/apercu_0.2.3.tgz'
    Content type 'application/x-gzip' length 27068 bytes (26 KB)
    ==================================================
    downloaded 26 KB
    
    Error in loadNamespace(name) : there is no package called 'BiocManager'
    Error in loadNamespace(name) : there is no package called 'devtools'
    Error: processing vignette 'help.Rmd' failed with diagnostics:
    there is no package called ‘markdown’
    Execution halted
Flavor: r-release-osx-x86_64

Version: 1.0.5
Check: package dependencies
Result: ERROR
    Package required but not available: 'BiocManager'
    
    See section 'The DESCRIPTION file' in the 'Writing R Extensions'
    manual.
Flavors: r-oldrel-windows-ix86+x86_64, r-oldrel-osx-x86_64