Last updated on 2019-03-14 00:46:24 CET.
Flavor | Version | Tinstall | Tcheck | Ttotal | Status | Flags |
---|---|---|---|---|---|---|
r-devel-linux-x86_64-debian-clang | 0.4.1 | 2.29 | 18.77 | 21.06 | OK | |
r-devel-linux-x86_64-debian-gcc | 0.4.1 | 1.80 | 15.07 | 16.87 | OK | |
r-devel-linux-x86_64-fedora-clang | 0.4.1 | 26.08 | NOTE | |||
r-devel-linux-x86_64-fedora-gcc | 0.4.1 | 24.01 | NOTE | |||
r-devel-windows-ix86+x86_64 | 0.4.1 | 6.00 | 41.00 | 47.00 | OK | |
r-patched-linux-x86_64 | 0.4.1 | 1.51 | 17.56 | 19.07 | OK | |
r-patched-solaris-x86 | 0.4.1 | 37.80 | NOTE | |||
r-release-linux-x86_64 | OK | |||||
r-release-windows-ix86+x86_64 | 0.4.1 | 5.00 | 53.00 | 58.00 | OK | |
r-release-osx-x86_64 | 0.4.1 | NOTE | ||||
r-oldrel-windows-ix86+x86_64 | 0.4.1 | 4.00 | 28.00 | 32.00 | OK | |
r-oldrel-osx-x86_64 | 0.4.1 | NOTE |
Version: 0.4.1
Check: dependencies in R code
Result: NOTE
Namespace in Imports field not imported from: ‘testthat’
All declared Imports should be used.
Flavors: r-devel-linux-x86_64-fedora-clang, r-devel-linux-x86_64-fedora-gcc, r-patched-solaris-x86, r-release-osx-x86_64, r-oldrel-osx-x86_64