CRAN Package Check Results for Package aptg

Last updated on 2019-03-14 00:46:24 CET.

Flavor Version Tinstall Tcheck Ttotal Status Flags
r-devel-linux-x86_64-debian-clang 0.1.0 6.87 66.14 73.01 OK --no-vignettes
r-devel-linux-x86_64-debian-gcc 0.1.0 7.72 53.52 61.24 OK --no-vignettes
r-devel-linux-x86_64-fedora-clang 0.1.0 97.42 OK --no-vignettes
r-devel-linux-x86_64-fedora-gcc 0.1.0 92.76 OK --no-vignettes
r-devel-windows-ix86+x86_64 0.1.0 23.00 110.00 133.00 OK --no-vignettes
r-patched-linux-x86_64 0.1.0 5.02 61.47 66.49 OK --no-vignettes
r-patched-solaris-x86 0.1.0 149.40 OK --no-vignettes
r-release-linux-x86_64 OK --no-vignettes
r-release-windows-ix86+x86_64 0.1.0 18.00 94.00 112.00 OK --no-vignettes
r-release-osx-x86_64 0.1.0 FAIL
r-oldrel-windows-ix86+x86_64 0.1.0 18.00 104.00 122.00 OK --no-vignettes
r-oldrel-osx-x86_64 0.1.0 OK

Check Details

Version: 0.1.0
Check: re-building of vignette outputs
Result: WARN
    Error in re-building vignettes:
     ...
    
    Returned 'NA'!
    
    
    No TSN found for species 'Juniperus occidentalis'!
    
    
    Retrieving data for taxon 'Pinus strobus'
    
    
    
    
    
    More than one TSN found for taxon 'Pinus strobus'!
    
     Enter rownumber of taxon (other inputs will return 'NA'):
    
    
    Returned 'NA'!
    
    
    No TSN found for species 'Pinus strobus'!
    
    
    Execution halted
Flavor: r-release-osx-x86_64

Version: 0.1.0
Check: PDF version of manual
Result: FAIL
    
Flavor: r-release-osx-x86_64