CRAN Package Check Results for Package ar.matrix

Last updated on 2019-03-14 00:46:24 CET.

Flavor Version Tinstall Tcheck Ttotal Status Flags
r-devel-linux-x86_64-debian-clang 0.1.0 2.03 27.07 29.10 OK
r-devel-linux-x86_64-debian-gcc 0.1.0 1.68 21.50 23.18 OK
r-devel-linux-x86_64-fedora-clang 0.1.0 35.52 NOTE
r-devel-linux-x86_64-fedora-gcc 0.1.0 33.57 NOTE
r-devel-windows-ix86+x86_64 0.1.0 6.00 56.00 62.00 OK
r-patched-linux-x86_64 0.1.0 1.27 25.13 26.40 OK
r-patched-solaris-x86 0.1.0 53.00 NOTE
r-release-linux-x86_64 OK
r-release-windows-ix86+x86_64 0.1.0 4.00 53.00 57.00 OK
r-release-osx-x86_64 0.1.0 NOTE
r-oldrel-windows-ix86+x86_64 0.1.0 5.00 44.00 49.00 OK
r-oldrel-osx-x86_64 0.1.0 NOTE

Check Details

Version: 0.1.0
Check: dependencies in R code
Result: NOTE
    Namespace in Imports field not imported from: ‘sp’
     All declared Imports should be used.
Flavors: r-devel-linux-x86_64-fedora-clang, r-devel-linux-x86_64-fedora-gcc, r-patched-solaris-x86, r-release-osx-x86_64, r-oldrel-osx-x86_64