Last updated on 2019-03-14 00:46:24 CET.
Flavor | Version | Tinstall | Tcheck | Ttotal | Status | Flags |
---|---|---|---|---|---|---|
r-devel-linux-x86_64-debian-clang | 1.6.1 | 9.84 | 72.95 | 82.79 | OK | |
r-devel-linux-x86_64-debian-gcc | 1.6.1 | 9.65 | 57.27 | 66.92 | OK | |
r-devel-linux-x86_64-fedora-clang | 1.6.1 | 100.46 | OK | |||
r-devel-linux-x86_64-fedora-gcc | 1.6.1 | 95.15 | OK | |||
r-devel-windows-ix86+x86_64 | 1.6.1 | 21.00 | 106.00 | 127.00 | OK | |
r-patched-linux-x86_64 | 1.6.1 | 8.87 | 68.49 | 77.36 | OK | |
r-patched-solaris-x86 | 1.6.1 | 128.60 | OK | |||
r-release-linux-x86_64 | OK | |||||
r-release-windows-ix86+x86_64 | 1.6.1 | 24.00 | 120.00 | 144.00 | OK | |
r-release-osx-x86_64 | 1.6.1 | NOTE | ||||
r-oldrel-windows-ix86+x86_64 | 1.6.1 | 22.00 | 113.00 | 135.00 | OK | |
r-oldrel-osx-x86_64 | 1.6.1 | ERROR |
Version: 1.6.1
Check: package dependencies
Result: NOTE
Package suggested but not available for checking: ‘GLAD’
Flavor: r-release-osx-x86_64
Version: 1.6.1
Check: package dependencies
Result: ERROR
Packages required but not available: ‘aroma.core’ ‘PSCBS’
Packages suggested but not available for checking: ‘aroma.light’ ‘GLAD’
See section ‘The DESCRIPTION file’ in the ‘Writing R Extensions’
manual.
Flavor: r-oldrel-osx-x86_64