Last updated on 2019-03-14 00:46:25 CET.
Flavor | Version | Tinstall | Tcheck | Ttotal | Status | Flags |
---|---|---|---|---|---|---|
r-devel-linux-x86_64-debian-clang | 0.1.2 | 3.92 | 93.00 | 96.92 | WARN | |
r-devel-linux-x86_64-debian-gcc | 0.1.2 | 3.21 | 75.52 | 78.73 | OK | |
r-devel-linux-x86_64-fedora-clang | 0.1.2 | 125.41 | OK | |||
r-devel-linux-x86_64-fedora-gcc | 0.1.2 | 84.14 | OK | |||
r-devel-windows-ix86+x86_64 | 0.1.2 | 9.00 | 125.00 | 134.00 | OK | |
r-patched-linux-x86_64 | 0.1.2 | 2.47 | 90.40 | 92.87 | OK | |
r-patched-solaris-x86 | 0.1.2 | 187.10 | OK | |||
r-release-linux-x86_64 | OK | |||||
r-release-windows-ix86+x86_64 | 0.1.2 | 7.00 | 164.00 | 171.00 | OK | |
r-release-osx-x86_64 | 0.1.2 | OK | ||||
r-oldrel-windows-ix86+x86_64 | 0.1.2 | 10.00 | 106.00 | 116.00 | OK | |
r-oldrel-osx-x86_64 | 0.1.2 | OK |
Version: 0.1.2
Check: whether package can be installed
Result: WARN
Found the following significant warnings:
Warning: unable to re-encode 'MathTest.R' line 15
Flavor: r-devel-linux-x86_64-debian-clang