CRAN Package Check Results for Package base64enc

Last updated on 2019-03-14 00:46:25 CET.

Flavor Version Tinstall Tcheck Ttotal Status Flags
r-devel-linux-x86_64-debian-clang 0.1-3 2.47 14.60 17.07 OK
r-devel-linux-x86_64-debian-gcc 0.1-3 1.75 13.28 15.03 OK
r-devel-linux-x86_64-fedora-clang 0.1-3 22.65 NOTE
r-devel-linux-x86_64-fedora-gcc 0.1-3 20.04 NOTE
r-devel-windows-ix86+x86_64 0.1-3 22.00 33.00 55.00 OK
r-patched-linux-x86_64 0.1-3 1.44 13.93 15.37 OK
r-patched-solaris-x86 0.1-3 35.50 OK
r-release-linux-x86_64 OK
r-release-windows-ix86+x86_64 0.1-3 9.00 32.00 41.00 OK
r-release-osx-x86_64 0.1-3 OK
r-oldrel-windows-ix86+x86_64 0.1-3 8.00 30.00 38.00 OK
r-oldrel-osx-x86_64 0.1-3 OK

Check Details

Version: 0.1-3
Check: compiled code
Result: NOTE
    File ‘base64enc/libs/base64enc.so’:
     Found no calls to: ‘R_registerRoutines’, ‘R_useDynamicSymbols’
    
    It is good practice to register native routines and to disable symbol
    search.
    
    See ‘Writing portable packages’ in the ‘Writing R Extensions’ manual.
Flavors: r-devel-linux-x86_64-fedora-clang, r-devel-linux-x86_64-fedora-gcc