CRAN Package Check Results for Package bayesGARCH

Last updated on 2019-03-14 00:46:25 CET.

Flavor Version Tinstall Tcheck Ttotal Status Flags
r-devel-linux-x86_64-debian-clang 2.1.3 2.44 27.15 29.59 OK
r-devel-linux-x86_64-debian-gcc 2.1.3 2.03 22.20 24.23 OK
r-devel-linux-x86_64-fedora-clang 2.1.3 33.66 NOTE
r-devel-linux-x86_64-fedora-gcc 2.1.3 29.28 NOTE
r-devel-windows-ix86+x86_64 2.1.3 13.00 68.00 81.00 OK
r-patched-linux-x86_64 2.1.3 1.76 24.88 26.64 OK
r-patched-solaris-x86 2.1.3 55.70 OK
r-release-linux-x86_64 OK
r-release-windows-ix86+x86_64 2.1.3 11.00 67.00 78.00 OK
r-release-osx-x86_64 2.1.3 OK
r-oldrel-windows-ix86+x86_64 2.1.3 13.00 68.00 81.00 OK
r-oldrel-osx-x86_64 2.1.3 OK

Check Details

Version: 2.1.3
Check: compiled code
Result: NOTE
    File ‘bayesGARCH/libs/bayesGARCH.so’:
     Found no calls to: ‘R_registerRoutines’, ‘R_useDynamicSymbols’
    
    It is good practice to register native routines and to disable symbol
    search.
    
    See ‘Writing portable packages’ in the ‘Writing R Extensions’ manual.
Flavors: r-devel-linux-x86_64-fedora-clang, r-devel-linux-x86_64-fedora-gcc