CRAN Package Check Results for Package bigQueryR

Last updated on 2019-03-14 00:46:26 CET.

Flavor Version Tinstall Tcheck Ttotal Status Flags
r-devel-linux-x86_64-debian-clang 0.4.0 3.19 31.08 34.27 OK
r-devel-linux-x86_64-debian-gcc 0.4.0 2.67 25.28 27.95 OK
r-devel-linux-x86_64-fedora-clang 0.4.0 41.30 OK
r-devel-linux-x86_64-fedora-gcc 0.4.0 39.45 OK
r-devel-windows-ix86+x86_64 0.4.0 8.00 46.00 54.00 OK
r-patched-linux-x86_64 0.4.0 2.37 29.23 31.60 OK
r-patched-solaris-x86 0.4.0 64.00 NOTE
r-release-linux-x86_64 OK
r-release-windows-ix86+x86_64 0.4.0 8.00 58.00 66.00 OK
r-release-osx-x86_64 0.4.0 OK
r-oldrel-windows-ix86+x86_64 0.4.0 8.00 56.00 64.00 OK
r-oldrel-osx-x86_64 0.4.0 OK

Check Details

Version: 0.4.0
Check: Rd cross-references
Result: NOTE
    Package unavailable to check Rd xrefs: ‘bigrquery’
Flavor: r-patched-solaris-x86