Last updated on 2019-03-14 00:46:26 CET.
Flavor | Version | Tinstall | Tcheck | Ttotal | Status | Flags |
---|---|---|---|---|---|---|
r-devel-linux-x86_64-debian-clang | 1.2.2 | 6.36 | 75.56 | 81.92 | NOTE | |
r-devel-linux-x86_64-debian-gcc | 1.2.2 | 4.54 | 58.73 | 63.27 | NOTE | |
r-devel-linux-x86_64-fedora-clang | 1.2.2 | 98.03 | NOTE | |||
r-devel-linux-x86_64-fedora-gcc | 1.2.2 | 90.69 | NOTE | |||
r-devel-windows-ix86+x86_64 | 1.2.2 | 14.00 | 93.00 | 107.00 | NOTE | |
r-patched-linux-x86_64 | 1.2.2 | 3.50 | 69.31 | 72.81 | NOTE | |
r-patched-solaris-x86 | 1.2.2 | 138.60 | NOTE | |||
r-release-linux-x86_64 | NOTE | |||||
r-release-windows-ix86+x86_64 | 1.2.2 | 12.00 | 110.00 | 122.00 | NOTE | |
r-release-osx-x86_64 | 1.2.2 | NOTE | ||||
r-oldrel-windows-ix86+x86_64 | 1.2.2 | 9.00 | 112.00 | 121.00 | NOTE | |
r-oldrel-osx-x86_64 | 1.2.2 | NOTE |
Version: 1.2.2
Check: R code for possible problems
Result: NOTE
col.group: no visible global function definition for 'read.table'
dif: no visible global function definition for 'complete.cases'
dis: no visible global function definition for 'data'
dis: no visible binding for global variable 'sub.mat'
dis : Sij: no visible global function definition for 'na.omit'
dis : Tij: no visible global function definition for 'na.omit'
dis: no visible global function definition for 'complete.cases'
mat.dis: no visible global function definition for 'data'
mat.dis: no visible binding for global variable 'sub.mat'
mmds.2D.multi: no visible global function definition for 'dev.new'
mmds.2D.multi: no visible global function definition for 'pdf'
mmds.2D.multi: no visible global function definition for 'png'
mmds.2D.multi: no visible global function definition for 'tiff'
mmds.2D.multi: no visible global function definition for 'postscript'
mmds.2D.multi: no visible global function definition for 'plot'
mmds.2D.multi : <anonymous>: no visible global function definition for
'points'
mmds.2D.multi : <anonymous>: no visible global function definition for
'lines'
mmds.2D.multi: no visible global function definition for 'abline'
mmds.2D.multi: no visible global function definition for 'box'
mmds.2D.multi: no visible global function definition for 'dev.off'
mmds.2D.plot: no visible global function definition for 'dev.new'
mmds.2D.plot: no visible global function definition for 'pdf'
mmds.2D.plot: no visible global function definition for 'png'
mmds.2D.plot: no visible global function definition for 'tiff'
mmds.2D.plot: no visible global function definition for 'postscript'
mmds.2D.plot: no visible global function definition for 'plot'
mmds.2D.plot: no visible global function definition for 'text'
mmds.2D.plot: no visible global function definition for 'points'
mmds.2D.plot: no visible global function definition for 'abline'
mmds.2D.plot: no visible global function definition for 'box'
mmds.2D.plot: no visible global function definition for 'dev.off'
mmds.3D.plot: no visible global function definition for 'box3d'
mmds.3D.plot: no visible global function definition for 'axes3d'
mmds.plot: no visible global function definition for 'dev.new'
mmds.plot: no visible global function definition for 'pdf'
mmds.plot: no visible global function definition for 'layout'
mmds.plot: no visible global function definition for 'dev.off'
scree.plot: no visible global function definition for 'dev.new'
scree.plot: no visible global function definition for 'pdf'
scree.plot: no visible global function definition for 'barplot'
scree.plot: no visible global function definition for 'text'
scree.plot: no visible global function definition for 'dev.off'
sil.score: no visible global function definition for 'dist'
write.mmds.pdb: no visible global function definition for 'col2rgb'
Undefined global functions or variables:
abline axes3d barplot box box3d col2rgb complete.cases data dev.new
dev.off dist layout lines na.omit pdf plot png points postscript
read.table sub.mat text tiff
Consider adding
importFrom("grDevices", "col2rgb", "dev.new", "dev.off", "pdf", "png",
"postscript", "tiff")
importFrom("graphics", "abline", "barplot", "box", "layout", "lines",
"plot", "points", "text")
importFrom("stats", "complete.cases", "dist", "na.omit")
importFrom("utils", "data", "read.table")
to your NAMESPACE file.
Found the following calls to data() loading into the global environment:
File 'bios2mds/R/dis.R':
data("sub.mat", package = "bios2mds", verbose = FALSE)
File 'bios2mds/R/mat.dis.R':
data("sub.mat", package = "bios2mds", verbose = FALSE)
See section 'Good practice' in '?data'.
Flavors: r-devel-linux-x86_64-debian-clang, r-devel-linux-x86_64-debian-gcc, r-devel-linux-x86_64-fedora-clang, r-patched-linux-x86_64, r-release-linux-x86_64
Version: 1.2.2
Check: R code for possible problems
Result: NOTE
col.group: no visible global function definition for ‘read.table’
dif: no visible global function definition for ‘complete.cases’
dis: no visible global function definition for ‘data’
dis: no visible binding for global variable ‘sub.mat’
dis : Sij: no visible global function definition for ‘na.omit’
dis : Tij: no visible global function definition for ‘na.omit’
dis: no visible global function definition for ‘complete.cases’
mat.dis: no visible global function definition for ‘data’
mat.dis: no visible binding for global variable ‘sub.mat’
mmds.2D.multi: no visible global function definition for ‘dev.new’
mmds.2D.multi: no visible global function definition for ‘pdf’
mmds.2D.multi: no visible global function definition for ‘png’
mmds.2D.multi: no visible global function definition for ‘tiff’
mmds.2D.multi: no visible global function definition for ‘postscript’
mmds.2D.multi: no visible global function definition for ‘plot’
mmds.2D.multi : <anonymous>: no visible global function definition for
‘points’
mmds.2D.multi : <anonymous>: no visible global function definition for
‘lines’
mmds.2D.multi: no visible global function definition for ‘abline’
mmds.2D.multi: no visible global function definition for ‘box’
mmds.2D.multi: no visible global function definition for ‘dev.off’
mmds.2D.plot: no visible global function definition for ‘dev.new’
mmds.2D.plot: no visible global function definition for ‘pdf’
mmds.2D.plot: no visible global function definition for ‘png’
mmds.2D.plot: no visible global function definition for ‘tiff’
mmds.2D.plot: no visible global function definition for ‘postscript’
mmds.2D.plot: no visible global function definition for ‘plot’
mmds.2D.plot: no visible global function definition for ‘text’
mmds.2D.plot: no visible global function definition for ‘points’
mmds.2D.plot: no visible global function definition for ‘abline’
mmds.2D.plot: no visible global function definition for ‘box’
mmds.2D.plot: no visible global function definition for ‘dev.off’
mmds.3D.plot: no visible global function definition for ‘box3d’
mmds.3D.plot: no visible global function definition for ‘axes3d’
mmds.plot: no visible global function definition for ‘dev.new’
mmds.plot: no visible global function definition for ‘pdf’
mmds.plot: no visible global function definition for ‘layout’
mmds.plot: no visible global function definition for ‘dev.off’
scree.plot: no visible global function definition for ‘dev.new’
scree.plot: no visible global function definition for ‘pdf’
scree.plot: no visible global function definition for ‘barplot’
scree.plot: no visible global function definition for ‘text’
scree.plot: no visible global function definition for ‘dev.off’
sil.score: no visible global function definition for ‘dist’
write.mmds.pdb: no visible global function definition for ‘col2rgb’
Undefined global functions or variables:
abline axes3d barplot box box3d col2rgb complete.cases data dev.new
dev.off dist layout lines na.omit pdf plot png points postscript
read.table sub.mat text tiff
Consider adding
importFrom("grDevices", "col2rgb", "dev.new", "dev.off", "pdf", "png",
"postscript", "tiff")
importFrom("graphics", "abline", "barplot", "box", "layout", "lines",
"plot", "points", "text")
importFrom("stats", "complete.cases", "dist", "na.omit")
importFrom("utils", "data", "read.table")
to your NAMESPACE file.
Flavors: r-devel-linux-x86_64-fedora-gcc, r-devel-windows-ix86+x86_64, r-patched-solaris-x86, r-release-windows-ix86+x86_64, r-release-osx-x86_64, r-oldrel-windows-ix86+x86_64, r-oldrel-osx-x86_64