CRAN Package Check Results for Package blackbox

Last updated on 2019-03-14 00:46:26 CET.

Flavor Version Tinstall Tcheck Ttotal Status Flags
r-devel-linux-x86_64-debian-clang 1.1.25 60.66 93.65 154.31 OK
r-devel-linux-x86_64-debian-gcc 1.1.25 46.28 72.49 118.77 OK
r-devel-linux-x86_64-fedora-clang 1.1.25 214.32 NOTE
r-devel-linux-x86_64-fedora-gcc 1.1.25 186.04 OK
r-devel-windows-ix86+x86_64 1.1.25 90.00 138.00 228.00 OK
r-patched-linux-x86_64 1.1.25 49.79 88.91 138.70 OK
r-patched-solaris-x86 1.1.25 218.90 OK
r-release-linux-x86_64 OK
r-release-windows-ix86+x86_64 1.1.25 126.00 168.00 294.00 OK
r-release-osx-x86_64 1.1.25 NOTE
r-oldrel-windows-ix86+x86_64 1.1.25 114.00 168.00 282.00 OK
r-oldrel-osx-x86_64 1.1.25 NOTE

Check Details

Version: 1.1.25
Check: installed package size
Result: NOTE
     installed size is 7.1Mb
     sub-directories of 1Mb or more:
     libs 6.5Mb
Flavors: r-devel-linux-x86_64-fedora-clang, r-release-osx-x86_64, r-oldrel-osx-x86_64