Last updated on 2019-03-14 00:46:27 CET.
Flavor | Version | Tinstall | Tcheck | Ttotal | Status | Flags |
---|---|---|---|---|---|---|
r-devel-linux-x86_64-debian-clang | 0.1.0 | 10.01 | 221.90 | 231.91 | OK | |
r-devel-linux-x86_64-debian-gcc | 0.1.0 | 7.87 | 165.39 | 173.26 | OK | |
r-devel-linux-x86_64-fedora-clang | 0.1.0 | 286.08 | NOTE | |||
r-devel-linux-x86_64-fedora-gcc | 0.1.0 | 288.65 | NOTE | |||
r-devel-windows-ix86+x86_64 | 0.1.0 | 17.00 | 260.00 | 277.00 | OK | |
r-patched-linux-x86_64 | 0.1.0 | 6.59 | 227.30 | 233.89 | OK | |
r-patched-solaris-x86 | 0.1.0 | 449.40 | NOTE | |||
r-release-linux-x86_64 | OK | |||||
r-release-windows-ix86+x86_64 | 0.1.0 | 17.00 | 315.00 | 332.00 | OK | |
r-release-osx-x86_64 | 0.1.0 | NOTE | ||||
r-oldrel-windows-ix86+x86_64 | 0.1.0 | 19.00 | 351.00 | 370.00 | OK | |
r-oldrel-osx-x86_64 | 0.1.0 | NOTE |
Version: 0.1.0
Check: dependencies in R code
Result: NOTE
Namespaces in Imports field not imported from:
‘rgdal’ ‘tidyr’
All declared Imports should be used.
Flavors: r-devel-linux-x86_64-fedora-clang, r-devel-linux-x86_64-fedora-gcc, r-patched-solaris-x86, r-release-osx-x86_64, r-oldrel-osx-x86_64