Last updated on 2019-03-14 00:46:27 CET.
Flavor | Version | Tinstall | Tcheck | Ttotal | Status | Flags |
---|---|---|---|---|---|---|
r-devel-linux-x86_64-debian-clang | 0.5.1 | 8.52 | 92.73 | 101.25 | WARN | |
r-devel-linux-x86_64-debian-gcc | 0.5.1 | 7.98 | 72.13 | 80.11 | OK | |
r-devel-linux-x86_64-fedora-clang | 0.5.1 | 124.50 | OK | |||
r-devel-linux-x86_64-fedora-gcc | 0.5.1 | 115.42 | OK | |||
r-devel-windows-ix86+x86_64 | 0.5.1 | 20.00 | 102.00 | 122.00 | OK | |
r-patched-linux-x86_64 | 0.5.1 | 7.53 | 80.24 | 87.77 | OK | |
r-patched-solaris-x86 | 0.5.1 | 165.50 | OK | |||
r-release-linux-x86_64 | OK | |||||
r-release-windows-ix86+x86_64 | 0.5.1 | 15.00 | 114.00 | 129.00 | OK | |
r-release-osx-x86_64 | 0.5.1 | OK | ||||
r-oldrel-windows-ix86+x86_64 | 0.5.1 | 12.00 | 129.00 | 141.00 | OK | |
r-oldrel-osx-x86_64 | 0.5.1 | OK |
Version: 0.5.1
Check: whether package can be installed
Result: WARN
Found the following significant warnings:
Warning: unable to re-encode 'brglmFit.R' line 126
Warning: unable to re-encode 'data.R' lines 59, 89, 118, 128
Flavor: r-devel-linux-x86_64-debian-clang