CRAN Package Check Results for Package callr

Last updated on 2019-03-14 00:46:27 CET.

Flavor Version Tinstall Tcheck Ttotal Status Flags
r-devel-linux-x86_64-debian-clang 3.1.1 6.28 75.83 82.11 OK
r-devel-linux-x86_64-debian-gcc 3.1.1 4.21 63.83 68.04 ERROR
r-devel-linux-x86_64-fedora-clang 3.1.1 80.20 OK
r-devel-linux-x86_64-fedora-gcc 3.1.1 90.81 OK
r-devel-windows-ix86+x86_64 3.1.1 14.00 101.00 115.00 OK
r-patched-linux-x86_64 3.1.1 3.44 71.52 74.96 ERROR
r-patched-solaris-x86 3.1.1 103.60 ERROR
r-release-linux-x86_64 OK
r-release-windows-ix86+x86_64 3.1.1 9.00 136.00 145.00 OK
r-release-osx-x86_64 3.1.1 OK
r-oldrel-windows-ix86+x86_64 3.1.1 4.00 101.00 105.00 OK
r-oldrel-osx-x86_64 3.1.1 OK

Check Details

Version: 3.1.1
Check: tests
Result: ERROR
     Running ‘testthat.R’ [45s/98s]
    Running the tests in ‘tests/testthat.R’ failed.
    Complete output:
     > library(testthat)
     > library(callr)
     >
     > Sys.unsetenv("R_TESTS")
     >
     > if (ps::ps_is_supported()) {
     + reporter <- ps::CleanupReporter(testthat::SummaryReporter)$new()
     + } else {
     + ## ps does not support this platform
     + reporter <- "summary"
     + }
     >
     > test_check("callr", reporter = reporter)
     various bug fixes: .....
     callbacks: ................
     errors: .............................
     r: ................................................................
     library path setup: ..............................................................
     messages: ...........
     options: ......
     presets: .....................
     calling quit(): ............
     r_bg: .....................................
     r_process: .....
     r_session messages: ...................
     r_session: .............................................S.....................................1....................
     rcmd_bg: .................
     rcmd_process: ......
     rcmd: ........................................
     rscript: ..............
     timeout: ......
     utils: ...............................
    
     ══ Skipped ═════════════════════════════════════════════════════════════════════
     1. stdout/stderr from pipe (@test-r-session.R#72) - On CRAN
    
     ══ Failed ══════════════════════════════════════════════════════════════════════
     ── 1. Failure: crash (@test-r-session.R#209) ──────────────────────────────────
     ||... isn't true.
    
     ══ DONE ════════════════════════════════════════════════════════════════════════
     Error: Test failures
     Execution halted
Flavor: r-devel-linux-x86_64-debian-gcc

Version: 3.1.1
Check: tests
Result: ERROR
     Running ‘testthat.R’ [50s/75s]
    Running the tests in ‘tests/testthat.R’ failed.
    Complete output:
     > library(testthat)
     > library(callr)
     >
     > Sys.unsetenv("R_TESTS")
     >
     > if (ps::ps_is_supported()) {
     + reporter <- ps::CleanupReporter(testthat::SummaryReporter)$new()
     + } else {
     + ## ps does not support this platform
     + reporter <- "summary"
     + }
     >
     > test_check("callr", reporter = reporter)
     various bug fixes: .....
     callbacks: ................
     errors: .............................
     r: ................................................................
     library path setup: ..............................................................
     messages: ...........
     options: ......
     presets: .....................
     calling quit(): ............
     r_bg: .....................................
     r_process: .....
     r_session messages: ...................
     r_session: .............................................S.....................................1....................
     rcmd_bg: .................
     rcmd_process: ......
     rcmd: ........................................
     rscript: ..............
     timeout: ......
     utils: ...............................
    
     ══ Skipped ═════════════════════════════════════════════════════════════════════
     1. stdout/stderr from pipe (@test-r-session.R#72) - On CRAN
    
     ══ Failed ══════════════════════════════════════════════════════════════════════
     ── 1. Failure: crash (@test-r-session.R#209) ──────────────────────────────────
     ||... isn't true.
    
     ══ DONE ════════════════════════════════════════════════════════════════════════
     I believe in you!
     Error: Test failures
     Execution halted
Flavor: r-patched-linux-x86_64

Version: 3.1.1
Check: tests
Result: ERROR
     Running ‘testthat.R’ [68s/91s]
    Running the tests in ‘tests/testthat.R’ failed.
    Complete output:
     > library(testthat)
     > library(callr)
     >
     > Sys.unsetenv("R_TESTS")
     >
     > if (ps::ps_is_supported()) {
     + reporter <- ps::CleanupReporter(testthat::SummaryReporter)$new()
     + } else {
     + ## ps does not support this platform
     + reporter <- "summary"
     + }
     >
     > test_check("callr", reporter = reporter)
     various bug fixes: .
     callbacks: ....
     errors: .............
     r: ....................
     library path setup: ..........................
     messages: ...
     options: ..
     presets: .....
     calling quit(): ....
     r_bg: .........
     r_process: .
     r_session messages: ...........
     r_session: .................................S.............1............
     rcmd_bg: .....
     rcmd_process: ..
     rcmd: ............
     rscript: ......
     timeout: ..
     utils: ...............
    
     ══ Skipped ═════════════════════════════════════════════════════════════════════
     1. stdout/stderr from pipe (@test-r-session.R#72) - On CRAN
    
     ══ Failed ══════════════════════════════════════════════════════════════════════
     ── 1. Failure: crash (@test-r-session.R#209) ──────────────────────────────────
     ||... isn't true.
    
     ══ DONE ════════════════════════════════════════════════════════════════════════
     Error: Test failures
     Execution halted
Flavor: r-patched-solaris-x86