CRAN Package Check Results for Package calmate

Last updated on 2019-03-14 00:46:27 CET.

Flavor Version Tinstall Tcheck Ttotal Status Flags
r-devel-linux-x86_64-debian-clang 0.12.1 5.09 57.35 62.44 OK
r-devel-linux-x86_64-debian-gcc 0.12.1 5.31 45.32 50.63 OK
r-devel-linux-x86_64-fedora-clang 0.12.1 79.66 OK
r-devel-linux-x86_64-fedora-gcc 0.12.1 70.45 OK
r-devel-windows-ix86+x86_64 0.12.1 11.00 94.00 105.00 OK
r-patched-linux-x86_64 0.12.1 4.34 54.42 58.76 OK
r-patched-solaris-x86 0.12.1 101.80 OK
r-release-linux-x86_64 OK
r-release-windows-ix86+x86_64 0.12.1 13.00 121.00 134.00 OK
r-release-osx-x86_64 0.12.1 OK
r-oldrel-windows-ix86+x86_64 0.12.1 19.00 103.00 122.00 OK
r-oldrel-osx-x86_64 0.12.1 ERROR

Check Details

Version: 0.12.1
Check: package dependencies
Result: ERROR
    Package required but not available: ‘aroma.core’
    
    See section ‘The DESCRIPTION file’ in the ‘Writing R Extensions’
    manual.
Flavor: r-oldrel-osx-x86_64