CRAN Package Check Results for Package cctools

Last updated on 2019-03-14 00:46:27 CET.

Flavor Version Tinstall Tcheck Ttotal Status Flags
r-devel-linux-x86_64-debian-clang 0.1.1 20.47 25.26 45.73 ERROR
r-devel-linux-x86_64-debian-gcc 0.1.1 16.08 20.76 36.84 ERROR
r-devel-linux-x86_64-fedora-clang 0.1.1 67.53 ERROR
r-devel-linux-x86_64-fedora-gcc 0.1.1 63.61 ERROR
r-devel-windows-ix86+x86_64 0.1.1 55.00 77.00 132.00 ERROR
r-patched-linux-x86_64 0.1.1 19.53 23.84 43.37 OK
r-patched-solaris-x86 0.1.1 75.40 OK
r-release-linux-x86_64 OK
r-release-windows-ix86+x86_64 0.1.1 52.00 73.00 125.00 OK
r-release-osx-x86_64 0.1.1 OK
r-oldrel-windows-ix86+x86_64 0.1.1 55.00 74.00 129.00 OK
r-oldrel-osx-x86_64 0.1.1 OK

Check Details

Version: 0.1.1
Check: tests
Result: ERROR
     Running 'testthat.R' [1s/1s]
    Running the tests in 'tests/testthat.R' failed.
    Complete output:
     > library(testthat)
     > library(cctools)
     >
     > test_check("cctools")
     -- 1. Failure: Simulation works (@test-usb.R#28) ------------------------------
     max(abs(rusb(500, quasi = TRUE, theta = 0.99, nu = 1))) is not strictly more than 0.95. Difference: -0.000409
    
     == testthat results ===========================================================
     OK: 36 SKIPPED: 1 FAILED: 1
     1. Failure: Simulation works (@test-usb.R#28)
    
     Error: testthat unit tests failed
     Execution halted
Flavor: r-devel-linux-x86_64-debian-clang

Version: 0.1.1
Check: tests
Result: ERROR
     Running ‘testthat.R’ [1s/2s]
    Running the tests in ‘tests/testthat.R’ failed.
    Complete output:
     > library(testthat)
     > library(cctools)
     >
     > test_check("cctools")
     ── 1. Failure: Simulation works (@test-usb.R#28) ──────────────────────────────
     max(abs(rusb(500, quasi = TRUE, theta = 0.99, nu = 1))) is not strictly more than 0.95. Difference: -0.000409
    
     ══ testthat results ═══════════════════════════════════════════════════════════
     OK: 36 SKIPPED: 1 FAILED: 1
     1. Failure: Simulation works (@test-usb.R#28)
    
     Error: testthat unit tests failed
     Execution halted
Flavor: r-devel-linux-x86_64-debian-gcc

Version: 0.1.1
Check: tests
Result: ERROR
     Running ‘testthat.R’
    Running the tests in ‘tests/testthat.R’ failed.
    Complete output:
     > library(testthat)
     > library(cctools)
     >
     > test_check("cctools")
     ── 1. Failure: Simulation works (@test-usb.R#28) ──────────────────────────────
     max(abs(rusb(500, quasi = TRUE, theta = 0.99, nu = 1))) is not strictly more than 0.95. Difference: -0.000409
    
     ══ testthat results ═══════════════════════════════════════════════════════════
     OK: 36 SKIPPED: 1 FAILED: 1
     1. Failure: Simulation works (@test-usb.R#28)
    
     Error: testthat unit tests failed
     Execution halted
Flavors: r-devel-linux-x86_64-fedora-clang, r-devel-linux-x86_64-fedora-gcc

Version: 0.1.1
Check: running tests for arch ‘i386’
Result: ERROR
     Running 'testthat.R' [2s]
    Running the tests in 'tests/testthat.R' failed.
    Complete output:
     > library(testthat)
     > library(cctools)
     >
     > test_check("cctools")
     -- 1. Failure: Simulation works (@test-usb.R#28) ------------------------------
     max(abs(rusb(500, quasi = TRUE, theta = 0.99, nu = 1))) is not strictly more than 0.95. Difference: -0.000409
    
     == testthat results ===========================================================
     OK: 36 SKIPPED: 1 FAILED: 1
     1. Failure: Simulation works (@test-usb.R#28)
    
     Error: testthat unit tests failed
     Execution halted
Flavor: r-devel-windows-ix86+x86_64

Version: 0.1.1
Check: running tests for arch ‘x64’
Result: ERROR
     Running 'testthat.R' [2s]
    Running the tests in 'tests/testthat.R' failed.
    Complete output:
     > library(testthat)
     > library(cctools)
     >
     > test_check("cctools")
     -- 1. Failure: Simulation works (@test-usb.R#28) ------------------------------
     max(abs(rusb(500, quasi = TRUE, theta = 0.99, nu = 1))) is not strictly more than 0.95. Difference: -0.000409
    
     == testthat results ===========================================================
     OK: 36 SKIPPED: 1 FAILED: 1
     1. Failure: Simulation works (@test-usb.R#28)
    
     Error: testthat unit tests failed
     Execution halted
Flavor: r-devel-windows-ix86+x86_64