CRAN Package Check Results for Package cellWise

Last updated on 2019-03-14 00:46:27 CET.

Flavor Version Tinstall Tcheck Ttotal Status Flags
r-devel-linux-x86_64-debian-clang 2.1.0 83.60 154.96 238.56 OK
r-devel-linux-x86_64-debian-gcc 2.1.0 64.51 168.24 232.75 OK
r-devel-linux-x86_64-fedora-clang 2.1.0 407.11 NOTE
r-devel-linux-x86_64-fedora-gcc 2.1.0 374.02 OK
r-devel-windows-ix86+x86_64 2.1.0 170.00 189.00 359.00 NOTE
r-patched-linux-x86_64 2.1.0 74.92 143.27 218.19 OK
r-patched-solaris-x86 2.1.0 371.10 NOTE
r-release-linux-x86_64 OK
r-release-windows-ix86+x86_64 2.1.0 221.00 243.00 464.00 NOTE
r-release-osx-x86_64 2.1.0 NOTE
r-oldrel-windows-ix86+x86_64 2.1.0 206.00 262.00 468.00 NOTE
r-oldrel-osx-x86_64 2.1.0 NOTE

Check Details

Version: 2.1.0
Check: installed package size
Result: NOTE
     installed size is 11.5Mb
     sub-directories of 1Mb or more:
     data 3.2Mb
     doc 1.7Mb
     libs 6.3Mb
Flavors: r-devel-linux-x86_64-fedora-clang, r-devel-windows-ix86+x86_64, r-patched-solaris-x86, r-release-windows-ix86+x86_64, r-release-osx-x86_64, r-oldrel-windows-ix86+x86_64, r-oldrel-osx-x86_64