CRAN Package Check Results for Package cg

Last updated on 2019-03-14 00:46:27 CET.

Flavor Version Tinstall Tcheck Ttotal Status Flags
r-devel-linux-x86_64-debian-clang 1.0-3 32.16 185.62 217.78 OK
r-devel-linux-x86_64-debian-gcc 1.0-3 26.51 138.89 165.40 OK
r-devel-linux-x86_64-fedora-clang 1.0-3 265.38 NOTE
r-devel-linux-x86_64-fedora-gcc 1.0-3 246.67 NOTE
r-devel-windows-ix86+x86_64 1.0-3 52.00 206.00 258.00 OK
r-patched-linux-x86_64 1.0-3 27.53 172.32 199.85 OK
r-patched-solaris-x86 1.0-3 350.60 NOTE
r-release-linux-x86_64 OK
r-release-windows-ix86+x86_64 1.0-3 59.00 308.00 367.00 OK
r-release-osx-x86_64 1.0-3 NOTE
r-oldrel-windows-ix86+x86_64 1.0-3 31.00 198.00 229.00 OK
r-oldrel-osx-x86_64 1.0-3 NOTE

Check Details

Version: 1.0-3
Check: dependencies in R code
Result: NOTE
    Namespace in Imports field not imported from: ‘grDevices’
     All declared Imports should be used.
Flavors: r-devel-linux-x86_64-fedora-clang, r-devel-linux-x86_64-fedora-gcc, r-patched-solaris-x86, r-release-osx-x86_64, r-oldrel-osx-x86_64