Last updated on 2019-03-14 00:46:28 CET.
Flavor | Version | Tinstall | Tcheck | Ttotal | Status | Flags |
---|---|---|---|---|---|---|
r-devel-linux-x86_64-debian-clang | 0.0.3 | 1.90 | 18.51 | 20.41 | OK | |
r-devel-linux-x86_64-debian-gcc | 0.0.3 | 1.54 | 15.28 | 16.82 | OK | |
r-devel-linux-x86_64-fedora-clang | 0.0.3 | 25.46 | OK | |||
r-devel-linux-x86_64-fedora-gcc | 0.0.3 | 23.63 | OK | |||
r-devel-windows-ix86+x86_64 | 0.0.3 | 5.00 | 39.00 | 44.00 | OK | |
r-patched-linux-x86_64 | 0.0.3 | 0.89 | 17.55 | 18.44 | OK | |
r-patched-solaris-x86 | 0.0.3 | 40.60 | OK | |||
r-release-linux-x86_64 | OK | |||||
r-release-windows-ix86+x86_64 | 0.0.3 | 4.00 | 58.00 | 62.00 | OK | |
r-release-osx-x86_64 | 0.0.3 | OK | ||||
r-oldrel-windows-ix86+x86_64 | 0.0.2 | 2.00 | 41.00 | 43.00 | NOTE | |
r-oldrel-osx-x86_64 | 0.0.3 | ERROR |
Version: 0.0.2
Check: dependencies in R code
Result: NOTE
Missing or unexported object: 'utils::askYesNo'
Flavor: r-oldrel-windows-ix86+x86_64
Version: 0.0.2
Check: R code for possible problems
Result: NOTE
changer: no visible global function definition for 'isFALSE'
Undefined global functions or variables:
isFALSE
Flavor: r-oldrel-windows-ix86+x86_64
Version: 0.0.3
Check: whether package can be installed
Result: ERROR
Installation failed.
Flavor: r-oldrel-osx-x86_64