Last updated on 2019-03-14 00:46:28 CET.
Flavor | Version | Tinstall | Tcheck | Ttotal | Status | Flags |
---|---|---|---|---|---|---|
r-devel-linux-x86_64-debian-clang | 0.1-0 | 3.54 | 36.74 | 40.28 | OK | |
r-devel-linux-x86_64-debian-gcc | 0.1-0 | 3.68 | 29.43 | 33.11 | OK | |
r-devel-linux-x86_64-fedora-clang | 0.1-0 | 53.59 | NOTE | |||
r-devel-linux-x86_64-fedora-gcc | 0.1-0 | 46.18 | NOTE | |||
r-devel-windows-ix86+x86_64 | 0.1-0 | 8.00 | 58.00 | 66.00 | OK | |
r-patched-linux-x86_64 | 0.1-0 | 2.91 | 34.01 | 36.92 | OK | |
r-patched-solaris-x86 | 0.1-0 | 74.30 | NOTE | |||
r-release-linux-x86_64 | OK | |||||
r-release-windows-ix86+x86_64 | 0.1-0 | 8.00 | 66.00 | 74.00 | OK | |
r-release-osx-x86_64 | 0.1-0 | NOTE | ||||
r-oldrel-windows-ix86+x86_64 | 0.1-0 | 7.00 | 66.00 | 73.00 | OK | |
r-oldrel-osx-x86_64 | 0.1-0 | NOTE |
Version: 0.1-0
Check: dependencies in R code
Result: NOTE
Namespace in Imports field not imported from: ‘readr’
All declared Imports should be used.
Flavors: r-devel-linux-x86_64-fedora-clang, r-devel-linux-x86_64-fedora-gcc, r-patched-solaris-x86, r-release-osx-x86_64, r-oldrel-osx-x86_64