Last updated on 2019-03-14 00:46:28 CET.
Flavor | Version | Tinstall | Tcheck | Ttotal | Status | Flags |
---|---|---|---|---|---|---|
r-devel-linux-x86_64-debian-gcc | 0.1.9 | 1.32 | 15.26 | 16.58 | OK | |
r-devel-linux-x86_64-fedora-clang | 0.1.9 | 26.25 | NOTE | |||
r-devel-linux-x86_64-fedora-gcc | 0.1.9 | 25.21 | NOTE | |||
r-patched-solaris-x86 | 0.1.9 | 34.20 | NOTE |
Version: 0.1.9
Check: dependencies in R code
Result: NOTE
Namespace in Imports field not imported from: ‘aws.signature’
All declared Imports should be used.
Flavors: r-devel-linux-x86_64-fedora-clang, r-devel-linux-x86_64-fedora-gcc, r-patched-solaris-x86