Last updated on 2019-03-14 00:46:28 CET.
Flavor | Version | Tinstall | Tcheck | Ttotal | Status | Flags |
---|---|---|---|---|---|---|
r-devel-linux-x86_64-debian-clang | 0.3-57 | 9.43 | 66.35 | 75.78 | OK | |
r-devel-linux-x86_64-debian-gcc | 0.3-57 | 7.05 | 50.52 | 57.57 | OK | |
r-devel-linux-x86_64-fedora-clang | 0.3-57 | 89.10 | OK | |||
r-devel-linux-x86_64-fedora-gcc | 0.3-57 | 81.03 | OK | |||
r-devel-windows-ix86+x86_64 | 0.3-57 | 30.00 | 126.00 | 156.00 | OK | |
r-patched-linux-x86_64 | 0.3-57 | 7.87 | 59.28 | 67.15 | OK | |
r-patched-solaris-x86 | 0.3-57 | 116.00 | NOTE | |||
r-release-linux-x86_64 | OK | |||||
r-release-windows-ix86+x86_64 | 0.3-57 | 26.00 | 132.00 | 158.00 | OK | |
r-release-osx-x86_64 | 0.3-57 | OK | ||||
r-oldrel-windows-ix86+x86_64 | 0.3-57 | 17.00 | 148.00 | 165.00 | OK | |
r-oldrel-osx-x86_64 | 0.3-57 | OK |
Version: 0.3-57
Check: package dependencies
Result: NOTE
Package which this enhances but not available for checking: ‘RWeka’
Flavor: r-patched-solaris-x86