Last updated on 2019-03-14 00:46:28 CET.
Flavor | Version | Tinstall | Tcheck | Ttotal | Status | Flags |
---|---|---|---|---|---|---|
r-devel-linux-x86_64-debian-clang | 0.8.6 | 7.93 | 33.48 | 41.41 | OK | |
r-devel-linux-x86_64-debian-gcc | 0.8.6 | 6.55 | 30.19 | 36.74 | OK | |
r-devel-linux-x86_64-fedora-clang | 0.8.6 | 54.47 | NOTE | |||
r-devel-linux-x86_64-fedora-gcc | 0.8.6 | 49.26 | NOTE | |||
r-devel-windows-ix86+x86_64 | 0.8.6 | 10.00 | 56.00 | 66.00 | OK | |
r-patched-linux-x86_64 | 0.8.6 | 7.27 | 29.46 | 36.73 | OK | |
r-patched-solaris-x86 | 0.8.6 | 69.20 | NOTE | |||
r-release-linux-x86_64 | OK | |||||
r-release-windows-ix86+x86_64 | 0.8.6 | 14.00 | 51.00 | 65.00 | OK | |
r-release-osx-x86_64 | 0.8.6 | NOTE | ||||
r-oldrel-windows-ix86+x86_64 | 0.8.6 | 6.00 | 60.00 | 66.00 | OK | |
r-oldrel-osx-x86_64 | 0.8.6 | NOTE |
Version: 0.8.6
Check: dependencies in R code
Result: NOTE
Namespaces in Imports field not imported from:
‘R6’ ‘infuser’ ‘purrr’
All declared Imports should be used.
Flavors: r-devel-linux-x86_64-fedora-clang, r-devel-linux-x86_64-fedora-gcc, r-patched-solaris-x86, r-release-osx-x86_64, r-oldrel-osx-x86_64