Last updated on 2019-03-14 00:46:29 CET.
Flavor | Version | Tinstall | Tcheck | Ttotal | Status | Flags |
---|---|---|---|---|---|---|
r-devel-linux-x86_64-debian-clang | 1.0.0 | 2.51 | 22.94 | 25.45 | NOTE | |
r-devel-linux-x86_64-debian-gcc | 1.0.0 | 2.48 | 18.37 | 20.85 | NOTE | |
r-devel-linux-x86_64-fedora-clang | 1.0.0 | 32.45 | NOTE | |||
r-devel-linux-x86_64-fedora-gcc | 1.0.0 | 29.71 | NOTE | |||
r-devel-windows-ix86+x86_64 | 1.0.0 | 9.00 | 42.00 | 51.00 | NOTE | |
r-patched-linux-x86_64 | 1.0.0 | 2.17 | 21.43 | 23.60 | NOTE | |
r-patched-solaris-x86 | 1.0.0 | 46.80 | NOTE | |||
r-release-linux-x86_64 | NOTE | |||||
r-release-windows-ix86+x86_64 | 1.0.0 | 7.00 | 42.00 | 49.00 | NOTE | |
r-release-osx-x86_64 | 1.0.0 | NOTE | ||||
r-oldrel-windows-ix86+x86_64 | 1.0.0 | 5.00 | 43.00 | 48.00 | NOTE | |
r-oldrel-osx-x86_64 | 1.0.0 | NOTE |
Version: 1.0.0
Check: R code for possible problems
Result: NOTE
cICA: no visible global function definition for 'mvfft'
cICA: no visible global function definition for 'ar.yw'
cICA: no visible global function definition for 'rnorm'
scICA: no visible global function definition for 'rnorm'
Undefined global functions or variables:
ar.yw mvfft rnorm
Consider adding
importFrom("stats", "ar.yw", "mvfft", "rnorm")
to your NAMESPACE file.
Flavors: r-devel-linux-x86_64-debian-clang, r-devel-linux-x86_64-debian-gcc, r-devel-linux-x86_64-fedora-clang, r-devel-linux-x86_64-fedora-gcc, r-devel-windows-ix86+x86_64, r-patched-linux-x86_64, r-patched-solaris-x86, r-release-linux-x86_64, r-release-windows-ix86+x86_64, r-release-osx-x86_64, r-oldrel-windows-ix86+x86_64, r-oldrel-osx-x86_64