CRAN Package Check Results for Package compoisson

Last updated on 2019-03-14 00:46:29 CET.

Flavor Version Tinstall Tcheck Ttotal Status Flags
r-devel-linux-x86_64-debian-clang 0.3 1.74 20.01 21.75 NOTE
r-devel-linux-x86_64-debian-gcc 0.3 1.49 16.35 17.84 NOTE
r-devel-linux-x86_64-fedora-clang 0.3 27.57 NOTE
r-devel-linux-x86_64-fedora-gcc 0.3 26.07 NOTE
r-devel-windows-ix86+x86_64 0.3 7.00 40.00 47.00 OK
r-patched-linux-x86_64 0.3 1.14 18.63 19.77 NOTE
r-patched-solaris-x86 0.3 40.30 NOTE
r-release-linux-x86_64 NOTE
r-release-windows-ix86+x86_64 0.3 4.00 41.00 45.00 OK
r-release-osx-x86_64 0.3 NOTE
r-oldrel-windows-ix86+x86_64 0.3 4.00 39.00 43.00 OK
r-oldrel-osx-x86_64 0.3 NOTE

Check Details

Version: 0.3
Check: DESCRIPTION meta-information
Result: NOTE
    Deprecated license: BSD
Flavors: r-devel-linux-x86_64-debian-clang, r-devel-linux-x86_64-debian-gcc, r-devel-linux-x86_64-fedora-clang, r-devel-linux-x86_64-fedora-gcc, r-patched-linux-x86_64, r-patched-solaris-x86, r-release-linux-x86_64, r-release-osx-x86_64, r-oldrel-osx-x86_64