CRAN Package Check Results for Package countcolors

Last updated on 2019-03-14 00:46:29 CET.

Flavor Version Tinstall Tcheck Ttotal Status Flags
r-devel-linux-x86_64-debian-clang 0.9.1 2.27 94.74 97.01 OK
r-devel-linux-x86_64-debian-gcc 0.9.1 1.93 68.21 70.14 OK
r-devel-linux-x86_64-fedora-clang 0.9.1 117.05 NOTE
r-devel-linux-x86_64-fedora-gcc 0.9.1 106.28 NOTE
r-devel-windows-ix86+x86_64 0.9.1 5.00 99.00 104.00 OK
r-patched-linux-x86_64 0.9.1 1.33 84.18 85.51 OK
r-patched-solaris-x86 0.9.1 167.60 NOTE
r-release-linux-x86_64 OK
r-release-windows-ix86+x86_64 0.9.1 3.00 115.00 118.00 OK
r-release-osx-x86_64 0.9.1 NOTE
r-oldrel-windows-ix86+x86_64 0.9.1 7.00 142.00 149.00 OK
r-oldrel-osx-x86_64 0.9.1 NOTE

Check Details

Version: 0.9.1
Check: dependencies in R code
Result: NOTE
    Namespace in Imports field not imported from: ‘jpeg’
     All declared Imports should be used.
Flavors: r-devel-linux-x86_64-fedora-clang, r-devel-linux-x86_64-fedora-gcc, r-patched-solaris-x86, r-release-osx-x86_64, r-oldrel-osx-x86_64