Last updated on 2019-03-14 00:46:29 CET.
Flavor | Version | Tinstall | Tcheck | Ttotal | Status | Flags |
---|---|---|---|---|---|---|
r-devel-linux-x86_64-debian-clang | 0.2.0 | 14.08 | 150.26 | 164.34 | WARN | |
r-devel-linux-x86_64-debian-gcc | 0.2.0 | 10.83 | 110.53 | 121.36 | OK | |
r-devel-linux-x86_64-fedora-clang | 0.2.0 | 192.39 | OK | |||
r-devel-linux-x86_64-fedora-gcc | 0.2.0 | 178.14 | OK | |||
r-devel-windows-ix86+x86_64 | 0.2.0 | 30.00 | 171.00 | 201.00 | OK | |
r-patched-linux-x86_64 | 0.2.0 | 8.24 | 137.37 | 145.61 | OK | |
r-patched-solaris-x86 | 0.2.0 | 293.30 | OK | |||
r-release-linux-x86_64 | OK | |||||
r-release-windows-ix86+x86_64 | 0.2.0 | 28.00 | 220.00 | 248.00 | OK | |
r-release-osx-x86_64 | 0.2.0 | OK | ||||
r-oldrel-windows-ix86+x86_64 | 0.2.0 | 23.00 | 248.00 | 271.00 | OK | |
r-oldrel-osx-x86_64 | 0.2.0 | OK |
Version: 0.2.0
Check: whether package can be installed
Result: WARN
Found the following significant warnings:
Warning: unable to re-encode 'baseline.build.R' lines 13, 23
Warning: unable to re-encode 'bca.R' line 27
Warning: unable to re-encode 'coxed.R' lines 29, 101
Warning: unable to re-encode 'coxed.gam.R' line 14
Warning: unable to re-encode 'coxed.gam.tvc.R' line 14
Warning: unable to re-encode 'coxed.package.R' lines 93, 135, 144
Warning: unable to re-encode 'generate.lm.R' line 46
Warning: unable to re-encode 'martinvanberg.R' line 13
Warning: unable to re-encode 'rank.predict.R' line 8
Warning: unable to re-encode 'sim.survdata.R' lines 59, 93
Flavor: r-devel-linux-x86_64-debian-clang