Last updated on 2019-03-14 00:46:30 CET.
Flavor | Version | Tinstall | Tcheck | Ttotal | Status | Flags |
---|---|---|---|---|---|---|
r-devel-linux-x86_64-debian-clang | 1.0 | 1.47 | 22.08 | 23.55 | NOTE | |
r-devel-linux-x86_64-debian-gcc | 1.0 | 1.21 | 17.75 | 18.96 | NOTE | |
r-devel-linux-x86_64-fedora-clang | 1.0 | 29.12 | NOTE | |||
r-devel-linux-x86_64-fedora-gcc | 1.0 | 27.29 | NOTE | |||
r-devel-windows-ix86+x86_64 | 1.0 | 6.00 | 43.00 | 49.00 | NOTE | |
r-patched-linux-x86_64 | 1.0 | 0.80 | 21.04 | 21.84 | NOTE | |
r-patched-solaris-x86 | 1.0 | 48.50 | NOTE | |||
r-release-linux-x86_64 | NOTE | |||||
r-release-windows-ix86+x86_64 | 1.0 | 4.00 | 42.00 | 46.00 | NOTE | |
r-release-osx-x86_64 | 1.0 | NOTE | ||||
r-oldrel-windows-ix86+x86_64 | 1.0 | 4.00 | 40.00 | 44.00 | NOTE | |
r-oldrel-osx-x86_64 | 1.0 | NOTE |
Version: 1.0
Check: R code for possible problems
Result: NOTE
BootC : BSs: no visible global function definition for 'lm'
BootC : BSs: no visible global function definition for 'vcov'
BootC: no visible global function definition for 'boot'
BootC: no visible global function definition for 'boot.ci'
DeltaC: no visible global function definition for 'lm'
DeltaC: no visible global function definition for 'vcov'
FiellerC: no visible global function definition for 'lm'
FiellerC: no visible global function definition for 'vcov'
nonLinearC: no visible global function definition for 'nls'
Undefined global functions or variables:
boot boot.ci lm nls vcov
Consider adding
importFrom("stats", "lm", "nls", "vcov")
to your NAMESPACE file.
Flavors: r-devel-linux-x86_64-debian-clang, r-devel-linux-x86_64-debian-gcc, r-devel-linux-x86_64-fedora-clang, r-devel-linux-x86_64-fedora-gcc, r-devel-windows-ix86+x86_64, r-patched-linux-x86_64, r-patched-solaris-x86, r-release-linux-x86_64, r-release-windows-ix86+x86_64, r-release-osx-x86_64, r-oldrel-windows-ix86+x86_64, r-oldrel-osx-x86_64