CRAN Package Check Results for Package crossword.r

Last updated on 2019-03-14 00:46:30 CET.

Flavor Version Tinstall Tcheck Ttotal Status Flags
r-devel-linux-x86_64-debian-clang 0.3.6 2.75 20.39 23.14 OK
r-devel-linux-x86_64-debian-gcc 0.3.6 2.05 16.54 18.59 OK
r-devel-linux-x86_64-fedora-clang 0.3.6 29.66 NOTE
r-devel-linux-x86_64-fedora-gcc 0.3.6 26.73 NOTE
r-devel-windows-ix86+x86_64 0.3.6 6.00 37.00 43.00 OK
r-patched-linux-x86_64 0.3.6 2.21 19.16 21.37 OK
r-patched-solaris-x86 0.3.6 44.20 NOTE
r-release-linux-x86_64 OK
r-release-windows-ix86+x86_64 0.3.6 7.00 52.00 59.00 OK
r-release-osx-x86_64 0.3.6 NOTE
r-oldrel-windows-ix86+x86_64 0.3.6 4.00 31.00 35.00 OK
r-oldrel-osx-x86_64 0.3.6 NOTE

Check Details

Version: 0.3.6
Check: dependencies in R code
Result: NOTE
    Namespaces in Imports field not imported from:
     ‘R6’ ‘dplyr’ ‘r6extended’
     All declared Imports should be used.
Flavors: r-devel-linux-x86_64-fedora-clang, r-devel-linux-x86_64-fedora-gcc, r-patched-solaris-x86, r-release-osx-x86_64, r-oldrel-osx-x86_64