Last updated on 2019-03-14 00:46:30 CET.
Flavor | Version | Tinstall | Tcheck | Ttotal | Status | Flags |
---|---|---|---|---|---|---|
r-devel-linux-x86_64-debian-clang | 2.3.3 | 5.11 | 90.07 | 95.18 | OK | |
r-devel-linux-x86_64-debian-gcc | 2.3.3 | 3.99 | 67.48 | 71.47 | OK | |
r-devel-linux-x86_64-fedora-clang | 2.3.3 | 117.43 | NOTE | |||
r-devel-linux-x86_64-fedora-gcc | 2.3.3 | 120.15 | NOTE | |||
r-devel-windows-ix86+x86_64 | 2.3.3 | 20.00 | 192.00 | 212.00 | OK | |
r-patched-linux-x86_64 | 2.3.3 | 3.77 | 88.41 | 92.18 | OK | |
r-patched-solaris-x86 | 2.3.3 | 145.80 | OK | |||
r-release-linux-x86_64 | OK | |||||
r-release-windows-ix86+x86_64 | 2.3.3 | 14.00 | 178.00 | 192.00 | OK | |
r-release-osx-x86_64 | 2.3.3 | OK | ||||
r-oldrel-windows-ix86+x86_64 | 2.3.3 | 14.00 | 193.00 | 207.00 | OK | |
r-oldrel-osx-x86_64 | 2.3.3 | OK |
Version: 2.3.3
Check: compiled code
Result: NOTE
File ‘cusp/libs/cusp.so’:
Found no calls to: ‘R_registerRoutines’, ‘R_useDynamicSymbols’
It is good practice to register native routines and to disable symbol
search.
See ‘Writing portable packages’ in the ‘Writing R Extensions’ manual.
Flavors: r-devel-linux-x86_64-fedora-clang, r-devel-linux-x86_64-fedora-gcc