Last updated on 2019-03-14 00:46:30 CET.
Flavor | Version | Tinstall | Tcheck | Ttotal | Status | Flags |
---|---|---|---|---|---|---|
r-devel-linux-x86_64-debian-clang | 0.3.0 | 2.72 | 70.64 | 73.36 | OK | |
r-devel-linux-x86_64-debian-gcc | 0.3.0 | 2.61 | 56.85 | 59.46 | OK | |
r-devel-linux-x86_64-fedora-clang | 0.3.0 | 88.25 | OK | |||
r-devel-linux-x86_64-fedora-gcc | 0.3.0 | 89.77 | OK | |||
r-devel-windows-ix86+x86_64 | 0.3.0 | 7.00 | 87.00 | 94.00 | OK | |
r-patched-linux-x86_64 | 0.3.0 | 2.48 | 64.18 | 66.66 | OK | |
r-patched-solaris-x86 | 0.3.0 | 130.20 | NOTE | |||
r-release-linux-x86_64 | OK | |||||
r-release-windows-ix86+x86_64 | 0.3.0 | 7.00 | 104.00 | 111.00 | OK | |
r-release-osx-x86_64 | 0.3.0 | OK | ||||
r-oldrel-windows-ix86+x86_64 | 0.3.0 | 5.00 | 128.00 | 133.00 | OK | |
r-oldrel-osx-x86_64 | 0.3.0 | OK |
Version: 0.3.0
Check: installed package size
Result: NOTE
installed size is 5.2Mb
sub-directories of 1Mb or more:
Pied_Flycatchers_1 2.5Mb
Pied_Flycatchers_2 1.3Mb
doc 1.2Mb
Flavor: r-patched-solaris-x86